CRAN Package Check Results for Package sinx

Last updated on 2020-09-20 03:47:37 CEST.

Flavor Version Tinstall Tcheck Ttotal Status Flags
r-devel-linux-x86_64-debian-clang 0.0.13 3.61 35.03 38.64 OK
r-devel-linux-x86_64-debian-gcc 0.0.13 3.27 26.71 29.98 OK
r-devel-linux-x86_64-fedora-clang 0.0.13 57.62 NOTE
r-devel-linux-x86_64-fedora-gcc 0.0.13 46.48 NOTE
r-devel-windows-ix86+x86_64 0.0.13 11.00 48.00 59.00 OK
r-patched-linux-x86_64 0.0.13 4.22 33.56 37.78 OK
r-patched-solaris-x86 0.0.13 82.90 NOTE
r-release-linux-x86_64 0.0.13 4.29 34.28 38.57 OK
r-release-macos-x86_64 0.0.13 NOTE
r-release-windows-ix86+x86_64 0.0.13 11.00 61.00 72.00 OK
r-oldrel-macos-x86_64 0.0.13 NOTE
r-oldrel-windows-ix86+x86_64 0.0.13 6.00 59.00 65.00 OK

Check Details

Version: 0.0.13
Check: dependencies in R code
Result: NOTE
    Namespaces in Imports field not imported from:
     ‘pagedown’ ‘rosr’
     All declared Imports should be used.
Flavors: r-devel-linux-x86_64-fedora-clang, r-devel-linux-x86_64-fedora-gcc, r-patched-solaris-x86, r-release-macos-x86_64, r-oldrel-macos-x86_64