Last updated on 2023-01-31 15:56:03 CET.
Flavor | Version | Tinstall | Tcheck | Ttotal | Status | Flags |
---|---|---|---|---|---|---|
r-devel-linux-x86_64-debian-clang | 0.2.1 | 488.12 | 152.29 | 640.41 | NOTE | |
r-devel-linux-x86_64-debian-gcc | 0.2.1 | 397.54 | 111.53 | 509.07 | NOTE | |
r-devel-linux-x86_64-fedora-clang | 0.2.1 | 983.19 | NOTE | |||
r-devel-linux-x86_64-fedora-gcc | 0.2.1 | 926.53 | NOTE | |||
r-devel-windows-x86_64 | 0.2.1 | 445.00 | 259.00 | 704.00 | NOTE | |
r-patched-linux-x86_64 | 0.2.1 | 362.45 | 133.83 | 496.28 | OK | |
r-release-linux-x86_64 | 0.2.1 | 354.85 | 131.43 | 486.28 | OK | |
r-release-macos-arm64 | 0.2.1 | 177.00 | NOTE | |||
r-release-macos-x86_64 | 0.2.1 | 243.00 | NOTE | |||
r-release-windows-x86_64 | 0.2.1 | 433.00 | 211.00 | 644.00 | OK | |
r-oldrel-macos-arm64 | 0.2.1 | 172.00 | NOTE | |||
r-oldrel-macos-x86_64 | 0.2.1 | 245.00 | NOTE | |||
r-oldrel-windows-ix86+x86_64 | 0.2.1 | 1213.00 | 238.00 | 1451.00 | NOTE |
Version: 0.2.1
Check: C++ specification
Result: NOTE
Specified C++11: please update to current default of C++17
Flavors: r-devel-linux-x86_64-debian-clang, r-devel-linux-x86_64-debian-gcc, r-devel-linux-x86_64-fedora-clang, r-devel-linux-x86_64-fedora-gcc, r-devel-windows-x86_64
Version: 0.2.1
Check: installed package size
Result: NOTE
installed size is 24.8Mb
sub-directories of 1Mb or more:
doc 1.5Mb
libs 22.3Mb
Flavors: r-release-macos-arm64, r-release-macos-x86_64, r-oldrel-macos-arm64, r-oldrel-macos-x86_64, r-oldrel-windows-ix86+x86_64