CRAN Package Check Results for Package simtimer

Last updated on 2021-09-27 03:48:42 CEST.

Flavor Version Tinstall Tcheck Ttotal Status Flags
r-devel-linux-x86_64-debian-clang 4.0.0 1.67 23.81 25.48 NOTE
r-devel-linux-x86_64-debian-gcc 4.0.0 1.51 19.12 20.63 NOTE
r-devel-linux-x86_64-fedora-clang 4.0.0 40.36 NOTE
r-devel-linux-x86_64-fedora-gcc 4.0.0 30.56 NOTE
r-devel-windows-x86_64 4.0.0 4.00 34.00 38.00 NOTE
r-devel-windows-x86_64-gcc10-UCRT 4.0.0 NOTE
r-patched-linux-x86_64 4.0.0 1.74 22.70 24.44 NOTE
r-patched-solaris-x86 4.0.0 45.80 NOTE
r-release-linux-x86_64 4.0.0 1.61 22.95 24.56 NOTE
r-release-macos-arm64 4.0.0 NOTE
r-release-macos-x86_64 4.0.0 NOTE
r-release-windows-ix86+x86_64 4.0.0 5.00 33.00 38.00 NOTE
r-oldrel-macos-x86_64 4.0.0 OK
r-oldrel-windows-ix86+x86_64 4.0.0 12.00 31.00 43.00 OK

Check Details

Version: 4.0.0
Check: LazyData
Result: NOTE
     'LazyData' is specified without a 'data' directory
Flavors: r-devel-linux-x86_64-debian-clang, r-devel-linux-x86_64-debian-gcc, r-devel-linux-x86_64-fedora-clang, r-devel-linux-x86_64-fedora-gcc, r-devel-windows-x86_64, r-devel-windows-x86_64-gcc10-UCRT, r-patched-linux-x86_64, r-patched-solaris-x86, r-release-linux-x86_64, r-release-macos-arm64, r-release-macos-x86_64, r-release-windows-ix86+x86_64