CRAN Package Check Results for Package simsalapar

Last updated on 2020-09-20 03:47:37 CEST.

Flavor Version Tinstall Tcheck Ttotal Status Flags
r-devel-linux-x86_64-debian-clang 1.0-10 5.96 38.58 44.54 NOTE --no-tests
r-devel-linux-x86_64-debian-gcc 1.0-10 5.34 30.35 35.69 NOTE --no-tests
r-devel-linux-x86_64-fedora-clang 1.0-10 115.63 NOTE
r-devel-linux-x86_64-fedora-gcc 1.0-10 104.40 NOTE
r-devel-windows-ix86+x86_64 1.0-10 13.00 108.00 121.00 OK
r-patched-linux-x86_64 1.0-10 6.22 38.06 44.28 NOTE --no-tests
r-patched-solaris-x86 1.0-10 298.60 NOTE
r-release-linux-x86_64 1.0-10 5.92 38.15 44.07 NOTE --no-tests
r-release-macos-x86_64 1.0-10 NOTE
r-release-windows-ix86+x86_64 1.0-10 14.00 104.00 118.00 OK
r-oldrel-macos-x86_64 1.0-10 NOTE
r-oldrel-windows-ix86+x86_64 1.0-10 7.00 126.00 133.00 OK

Check Details

Version: 1.0-10
Flags: --no-tests
Check: for non-standard things in the check directory
Result: NOTE
    Found the following files/directories:
     'crop_device.pdf'
Flavors: r-devel-linux-x86_64-debian-clang, r-devel-linux-x86_64-debian-gcc, r-patched-linux-x86_64, r-release-linux-x86_64

Version: 1.0-10
Check: for non-standard things in the check directory
Result: NOTE
    Found the following files/directories:
     ‘crop_device.pdf’
Flavors: r-devel-linux-x86_64-fedora-clang, r-devel-linux-x86_64-fedora-gcc, r-patched-solaris-x86

Version: 1.0-10
Check: package dependencies
Result: NOTE
    Package suggested but not available for checking: ‘Rmpi’
Flavors: r-release-macos-x86_64, r-oldrel-macos-x86_64

Version: 1.0-10
Check: Rd cross-references
Result: NOTE
    Package unavailable to check Rd xrefs: ‘Rmpi’
Flavors: r-release-macos-x86_64, r-oldrel-macos-x86_64