CRAN Package Check Results for Package simmer

Last updated on 2020-09-28 15:47:53 CEST.

Flavor Version Tinstall Tcheck Ttotal Status Flags
r-devel-linux-x86_64-debian-clang 4.4.2 127.82 112.56 240.38 OK
r-devel-linux-x86_64-debian-gcc 4.4.2 108.18 83.23 191.41 OK
r-devel-linux-x86_64-fedora-clang 4.4.2 351.29 NOTE
r-devel-linux-x86_64-fedora-gcc 4.4.2 335.10 OK
r-devel-windows-ix86+x86_64 4.4.2 309.00 190.00 499.00 NOTE
r-patched-linux-x86_64 4.4.2 118.39 105.92 224.31 OK
r-patched-solaris-x86 4.4.2 302.00 OK
r-release-linux-x86_64 4.4.2 114.05 107.07 221.12 OK
r-release-macos-x86_64 4.4.2 NOTE
r-release-windows-ix86+x86_64 4.4.2 277.00 185.00 462.00 NOTE
r-oldrel-macos-x86_64 4.4.2 NOTE
r-oldrel-windows-ix86+x86_64 4.4.2 282.00 174.00 456.00 NOTE

Check Details

Version: 4.4.2
Check: installed package size
Result: NOTE
     installed size is 15.3Mb
     sub-directories of 1Mb or more:
     doc 1.8Mb
     libs 12.9Mb
Flavors: r-devel-linux-x86_64-fedora-clang, r-devel-windows-ix86+x86_64, r-release-macos-x86_64, r-release-windows-ix86+x86_64, r-oldrel-macos-x86_64, r-oldrel-windows-ix86+x86_64