CRAN Package Check Results for Package simhelpers

Last updated on 2020-11-27 03:50:22 CET.

Flavor Version Tinstall Tcheck Ttotal Status Flags
r-devel-linux-x86_64-debian-clang 0.1.0 6.03 143.12 149.15 OK
r-devel-linux-x86_64-debian-gcc 0.1.0 4.57 102.65 107.22 OK
r-devel-linux-x86_64-fedora-clang 0.1.0 170.62 NOTE
r-devel-linux-x86_64-fedora-gcc 0.1.0 186.12 NOTE
r-devel-windows-ix86+x86_64 0.1.0 11.00 188.00 199.00 OK
r-patched-linux-x86_64 0.1.0 4.77 142.83 147.60 OK
r-patched-solaris-x86 0.1.0 460.20 NOTE
r-release-linux-x86_64 0.1.0 6.19 143.68 149.87 OK
r-release-macos-x86_64 0.1.0 NOTE
r-release-windows-ix86+x86_64 0.1.0 12.00 202.00 214.00 OK
r-oldrel-macos-x86_64 0.1.0 NOTE
r-oldrel-windows-ix86+x86_64 0.1.0 8.00 199.00 207.00 OK

Check Details

Version: 0.1.0
Check: dependencies in R code
Result: NOTE
    Namespaces in Imports field not imported from:
     ‘future’ ‘magrittr’ ‘purrr’ ‘rlang’ ‘utils’
     All declared Imports should be used.
Flavors: r-devel-linux-x86_64-fedora-clang, r-devel-linux-x86_64-fedora-gcc, r-patched-solaris-x86, r-release-macos-x86_64, r-oldrel-macos-x86_64