CRAN Package Check Results for Package simer

Last updated on 2022-10-07 03:56:08 CEST.

Flavor Version Tinstall Tcheck Ttotal Status Flags
r-devel-linux-x86_64-debian-clang 0.9.0.2 96.90 129.00 225.90 OK
r-devel-linux-x86_64-debian-gcc 0.9.0.2 77.09 93.52 170.61 OK
r-devel-linux-x86_64-fedora-clang 0.9.0.2 304.65 OK
r-devel-linux-x86_64-fedora-gcc 0.9.0.2 280.01 OK
r-devel-windows-x86_64 0.9.0.2 99.00 184.00 283.00 OK
r-patched-linux-x86_64 0.9.0.2 87.39 114.87 202.26 OK
r-release-linux-x86_64 0.9.0.2 85.85 114.75 200.60 OK
r-release-macos-arm64 0.9.0.2 67.00 NOTE
r-release-macos-x86_64 0.9.0.2 93.00 NOTE
r-release-windows-x86_64 0.9.0.2 106.00 174.00 280.00 OK
r-oldrel-macos-arm64 0.9.0.2 63.00 NOTE
r-oldrel-macos-x86_64 0.9.0.2 92.00 NOTE
r-oldrel-windows-ix86+x86_64 0.9.0.2 51.00 18.00 69.00 ERROR

Check Details

Version: 0.9.0.2
Check: installed package size
Result: NOTE
     installed size is 5.7Mb
     sub-directories of 1Mb or more:
     libs 4.8Mb
Flavors: r-release-macos-arm64, r-release-macos-x86_64, r-oldrel-macos-arm64, r-oldrel-macos-x86_64

Version: 0.9.0.2
Check: whether package can be installed
Result: ERROR
    Installation failed.
Flavor: r-oldrel-windows-ix86+x86_64