CRAN Package Check Results for Package simctest

Last updated on 2021-09-19 03:51:31 CEST.

Flavor Version Tinstall Tcheck Ttotal Status Flags
r-devel-linux-x86_64-debian-clang 2.6 7.96 167.88 175.84 OK
r-devel-linux-x86_64-debian-gcc 2.6 6.08 112.18 118.26 OK
r-devel-linux-x86_64-fedora-clang 2.6 201.18 OK
r-devel-linux-x86_64-fedora-gcc 2.6 194.74 OK
r-devel-windows-x86_64 2.6 14.00 216.00 230.00 OK
r-devel-windows-x86_64-gcc10-UCRT 2.6 ERROR
r-patched-linux-x86_64 2.6 8.66 157.07 165.73 OK
r-patched-solaris-x86 2.6 235.10 OK
r-release-linux-x86_64 2.6 7.25 154.44 161.69 OK
r-release-macos-arm64 2.6 OK
r-release-macos-x86_64 2.6 OK
r-release-windows-ix86+x86_64 2.6 21.00 176.00 197.00 OK
r-oldrel-macos-x86_64 2.6 OK
r-oldrel-windows-ix86+x86_64 2.6 17.00 171.00 188.00 OK

Check Details

Version: 2.6
Check: whether package can be installed
Result: ERROR
    Installation failed.
Flavor: r-devel-windows-x86_64-gcc10-UCRT