CRAN Package Check Results for Package simctest

Last updated on 2020-09-22 03:49:40 CEST.

Flavor Version Tinstall Tcheck Ttotal Status Flags
r-devel-linux-x86_64-debian-clang 2.6 8.70 150.03 158.73 OK
r-devel-linux-x86_64-debian-gcc 2.6 0.35 1.95 2.30 ERROR
r-devel-linux-x86_64-fedora-clang 2.6 219.89 OK
r-devel-linux-x86_64-fedora-gcc 2.6 183.00 OK
r-devel-windows-ix86+x86_64 2.6 20.00 193.00 213.00 OK
r-patched-linux-x86_64 2.6 7.84 142.83 150.67 OK
r-patched-solaris-x86 2.6 213.30 OK
r-release-linux-x86_64 2.6 8.04 151.10 159.14 OK
r-release-macos-x86_64 2.6 OK
r-release-windows-ix86+x86_64 2.6 17.00 265.00 282.00 OK
r-oldrel-macos-x86_64 2.6 OK
r-oldrel-windows-ix86+x86_64 2.6 20.00 239.00 259.00 OK

Check Details

Version: 2.6
Check: whether package can be installed
Result: ERROR
    Installation failed.
Flavor: r-devel-linux-x86_64-debian-gcc