CRAN Package Check Results for Package simEd

Last updated on 2024-07-22 03:49:29 CEST.

Flavor Version Tinstall Tcheck Ttotal Status Flags
r-devel-linux-x86_64-debian-clang 2.0.1 14.37 130.12 144.49 OK
r-devel-linux-x86_64-debian-gcc 2.0.1 11.10 94.78 105.88 NOTE
r-devel-linux-x86_64-fedora-clang 2.0.1 177.69 OK
r-devel-linux-x86_64-fedora-gcc 2.0.1 168.54 OK
r-devel-windows-x86_64 2.0.1 13.00 161.00 174.00 NOTE
r-patched-linux-x86_64 2.0.1 16.28 124.44 140.72 OK
r-release-linux-x86_64 2.0.1 14.84 125.81 140.65 OK
r-release-macos-arm64 2.0.1 86.00 OK
r-release-macos-x86_64 2.0.1 119.00 OK
r-release-windows-x86_64 2.0.1 13.00 158.00 171.00 OK
r-oldrel-macos-arm64 2.0.1 92.00 OK
r-oldrel-macos-x86_64 2.0.1 175.00 OK
r-oldrel-windows-x86_64 2.0.1 14.00 181.00 195.00 OK

Check Details

Version: 2.0.1
Check: Rd cross-references
Result: NOTE Found the following Rd file(s) with Rd \link{} targets missing package anchors: msq.Rd: rstream simEd-package.Rd: rstream ssq.Rd: rstream ssqvis.Rd: rstream vbeta.Rd: rstream, rstream.sample vbinom.Rd: rstream, rstream.sample vcauchy.Rd: rstream, rstream.sample vchisq.Rd: rstream, rstream.sample vexp.Rd: rstream, rstream.sample vfd.Rd: rstream, rstream.sample vgamma.Rd: rstream, rstream.sample vgeom.Rd: rstream, rstream.sample vlnorm.Rd: rstream, rstream.sample vlogis.Rd: rstream, rstream.sample vnbinom.Rd: rstream, rstream.sample vnorm.Rd: rstream, rstream.sample vpois.Rd: rstream, rstream.sample vt.Rd: rstream, rstream.sample vunif.Rd: rstream, rstream.sample vweibull.Rd: rstream, rstream.sample Please provide package anchors for all Rd \link{} targets not in the package itself and the base packages. Flavors: r-devel-linux-x86_64-debian-gcc, r-devel-windows-x86_64