CRAN Package Check Results for Package sim2Dpredictr

Last updated on 2020-09-22 16:02:40 CEST.

Flavor Version Tinstall Tcheck Ttotal Status Flags
r-devel-linux-x86_64-debian-clang 0.1.0 8.86 78.11 86.97 OK
r-devel-linux-x86_64-debian-gcc 0.1.0 7.32 58.71 66.03 OK
r-devel-linux-x86_64-fedora-clang 0.1.0 127.48 WARN
r-devel-linux-x86_64-fedora-gcc 0.1.0 99.67 NOTE
r-devel-windows-ix86+x86_64 0.1.0 21.00 87.00 108.00 OK
r-patched-linux-x86_64 0.1.0 9.22 73.88 83.10 OK
r-patched-solaris-x86 0.1.0 135.70 NOTE
r-release-linux-x86_64 0.1.0 8.06 74.68 82.74 OK
r-release-macos-x86_64 0.1.0 NOTE
r-release-windows-ix86+x86_64 0.1.0 21.00 108.00 129.00 OK
r-oldrel-macos-x86_64 0.1.0 NOTE
r-oldrel-windows-ix86+x86_64 0.1.0 12.00 102.00 114.00 OK

Check Details

Version: 0.1.0
Check: package dependencies
Result: WARN
    Requires (indirectly) orphaned package: ‘bibtex’
Flavor: r-devel-linux-x86_64-fedora-clang

Version: 0.1.0
Check: dependencies in R code
Result: NOTE
    Namespaces in Imports field not imported from:
     ‘car’ ‘ggplot2’ ‘magrittr’ ‘tidyverse’
     All declared Imports should be used.
Flavors: r-devel-linux-x86_64-fedora-clang, r-devel-linux-x86_64-fedora-gcc, r-patched-solaris-x86, r-release-macos-x86_64, r-oldrel-macos-x86_64