CRAN Package Check Results for Package signs

Last updated on 2022-06-25 15:51:33 CEST.

Flavor Version Tinstall Tcheck Ttotal Status Flags
r-devel-linux-x86_64-debian-clang 0.1.2 3.04 45.49 48.53 NOTE
r-devel-linux-x86_64-debian-gcc 0.1.2 2.29 35.11 37.40 NOTE
r-devel-linux-x86_64-fedora-clang 0.1.2 67.95 NOTE
r-devel-linux-x86_64-fedora-gcc 0.1.2 67.91 NOTE
r-devel-windows-x86_64 0.1.2 14.00 75.00 89.00 NOTE
r-patched-linux-x86_64 0.1.2 1.89 43.68 45.57 NOTE
r-release-linux-x86_64 0.1.2 2.50 43.47 45.97 NOTE
r-release-macos-arm64 0.1.2 27.00 NOTE
r-release-macos-x86_64 0.1.2 34.00 NOTE
r-release-windows-x86_64 0.1.2 10.00 80.00 90.00 NOTE
r-oldrel-macos-arm64 0.1.2 43.00 NOTE
r-oldrel-macos-x86_64 0.1.2 40.00 NOTE
r-oldrel-windows-ix86+x86_64 0.1.2 8.00 64.00 72.00 NOTE

Check Details

Version: 0.1.2
Check: LazyData
Result: NOTE
     'LazyData' is specified without a 'data' directory
Flavors: r-devel-linux-x86_64-debian-clang, r-devel-linux-x86_64-debian-gcc, r-devel-linux-x86_64-fedora-clang, r-devel-linux-x86_64-fedora-gcc, r-devel-windows-x86_64, r-patched-linux-x86_64, r-release-linux-x86_64, r-release-macos-arm64, r-release-macos-x86_64, r-release-windows-x86_64, r-oldrel-macos-arm64, r-oldrel-macos-x86_64, r-oldrel-windows-ix86+x86_64