Last updated on 2023-02-03 03:56:05 CET.
Flavor | Version | Tinstall | Tcheck | Ttotal | Status | Flags |
---|---|---|---|---|---|---|
r-devel-linux-x86_64-debian-clang | 1.0.1 | 95.98 | 143.27 | 239.25 | OK | |
r-devel-linux-x86_64-debian-gcc | 1.0.1 | 71.10 | 106.27 | 177.37 | OK | |
r-devel-linux-x86_64-fedora-clang | 1.0.1 | 323.72 | OK | |||
r-devel-linux-x86_64-fedora-gcc | 1.0.1 | 312.34 | OK | |||
r-patched-linux-x86_64 | 1.0.1 | 80.58 | 137.16 | 217.74 | OK | |
r-release-linux-x86_64 | 1.0.1 | 77.58 | 121.87 | 199.45 | OK | |
r-release-macos-arm64 | 1.0.1 | 83.00 | NOTE | |||
r-release-macos-x86_64 | 1.0.1 | 100.00 | NOTE | |||
r-release-windows-x86_64 | 1.0.1 | 135.00 | 179.00 | 314.00 | OK | |
r-oldrel-macos-arm64 | 1.0.1 | 73.00 | NOTE | |||
r-oldrel-macos-x86_64 | 1.0.1 | 107.00 | NOTE | |||
r-oldrel-windows-ix86+x86_64 | 1.0.1 | 173.00 | 223.00 | 396.00 | OK |
Version: 1.0.1
Check: installed package size
Result: NOTE
installed size is 5.0Mb
sub-directories of 1Mb or more:
libs 3.4Mb
Flavors: r-release-macos-arm64, r-release-macos-x86_64, r-oldrel-macos-arm64, r-oldrel-macos-x86_64