CRAN Package Check Results for Package signmedian.test

Last updated on 2021-09-19 03:51:31 CEST.

Flavor Version Tinstall Tcheck Ttotal Status Flags
r-devel-linux-x86_64-debian-clang 1.5.1 1.70 20.13 21.83 NOTE
r-devel-linux-x86_64-debian-gcc 1.5.1 1.55 16.18 17.73 NOTE
r-devel-linux-x86_64-fedora-clang 1.5.1 36.43 NOTE
r-devel-linux-x86_64-fedora-gcc 1.5.1 25.71 NOTE
r-devel-windows-x86_64 1.5.1 4.00 33.00 37.00 NOTE
r-devel-windows-x86_64-gcc10-UCRT 1.5.1 ERROR
r-patched-linux-x86_64 1.5.1 1.89 19.83 21.72 NOTE
r-patched-solaris-x86 1.5.1 40.90 NOTE
r-release-linux-x86_64 1.5.1 1.60 19.77 21.37 NOTE
r-release-macos-arm64 1.5.1 NOTE
r-release-macos-x86_64 1.5.1 NOTE
r-release-windows-ix86+x86_64 1.5.1 4.00 26.00 30.00 NOTE
r-oldrel-macos-x86_64 1.5.1 NOTE
r-oldrel-windows-ix86+x86_64 1.5.1 4.00 24.00 28.00 NOTE

Check Details

Version: 1.5.1
Check: R code for possible problems
Result: NOTE
    signmedian.test: no visible global function definition for 'median'
    signmedian.test: no visible global function definition for 'binom.test'
    signmedian.test: no visible global function definition for 'pbinom'
    signmedian.test: no visible global function definition for 'pnorm'
    Undefined global functions or variables:
     binom.test median pbinom pnorm
    Consider adding
     importFrom("stats", "binom.test", "median", "pbinom", "pnorm")
    to your NAMESPACE file.
Flavors: r-devel-linux-x86_64-debian-clang, r-devel-linux-x86_64-debian-gcc, r-devel-linux-x86_64-fedora-clang, r-devel-linux-x86_64-fedora-gcc, r-devel-windows-x86_64, r-devel-windows-x86_64-gcc10-UCRT, r-patched-linux-x86_64, r-patched-solaris-x86, r-release-linux-x86_64, r-release-macos-arm64, r-release-macos-x86_64, r-release-windows-ix86+x86_64, r-oldrel-macos-x86_64, r-oldrel-windows-ix86+x86_64

Version: 1.5.1
Check: whether package can be installed
Result: WARN
    Found the following significant warnings:
     WARNING: installation-time patches will not be applied, could not get the patches index
Flavor: r-devel-windows-x86_64-gcc10-UCRT

Version: 1.5.1
Check: PDF version of manual
Result: WARN
    LaTeX errors when creating PDF version.
    This typically indicates Rd problems.
Flavor: r-devel-windows-x86_64-gcc10-UCRT

Version: 1.5.1
Check: PDF version of manual without hyperrefs or index
Result: ERROR
    Re-running with no redirection of stdout/stderr.
Flavor: r-devel-windows-x86_64-gcc10-UCRT