Last updated on 2022-07-01 03:54:01 CEST.
Flavor | Version | Tinstall | Tcheck | Ttotal | Status | Flags |
---|---|---|---|---|---|---|
r-devel-linux-x86_64-debian-clang | 0.7-7 | 6.66 | 45.12 | 51.78 | OK | |
r-devel-linux-x86_64-debian-gcc | 0.7-7 | 5.35 | 34.81 | 40.16 | OK | |
r-devel-linux-x86_64-fedora-clang | 0.7-7 | 71.88 | NOTE | |||
r-devel-linux-x86_64-fedora-gcc | 0.7-7 | 71.87 | NOTE | |||
r-devel-windows-x86_64 | 0.7-7 | 44.00 | 82.00 | 126.00 | OK | |
r-patched-linux-x86_64 | 0.7-7 | 8.17 | 42.89 | 51.06 | OK | |
r-release-linux-x86_64 | 0.7-7 | 5.92 | 43.20 | 49.12 | OK | |
r-release-macos-arm64 | 0.7-7 | 23.00 | OK | |||
r-release-macos-x86_64 | 0.7-7 | 36.00 | OK | |||
r-release-windows-x86_64 | 0.7-7 | 34.00 | 86.00 | 120.00 | OK | |
r-oldrel-macos-arm64 | 0.7-7 | 30.00 | OK | |||
r-oldrel-macos-x86_64 | 0.7-7 | 46.00 | OK | |||
r-oldrel-windows-ix86+x86_64 | 0.7-7 | 16.00 | 76.00 | 92.00 | OK |
Version: 0.7-7
Check: compiled code
Result: NOTE
File ‘signal/libs/signal.so’:
Found no calls to: ‘R_registerRoutines’, ‘R_useDynamicSymbols’
It is good practice to register native routines and to disable symbol
search.
See ‘Writing portable packages’ in the ‘Writing R Extensions’ manual.
Flavors: r-devel-linux-x86_64-fedora-clang, r-devel-linux-x86_64-fedora-gcc