CRAN Package Check Results for Package sidier

Last updated on 2020-09-23 16:38:53 CEST.

Flavor Version Tinstall Tcheck Ttotal Status Flags
r-devel-linux-x86_64-debian-clang 4.0.3 12.32 105.05 117.37 NOTE
r-devel-linux-x86_64-debian-gcc 4.0.3 10.88 77.25 88.13 NOTE
r-devel-linux-x86_64-fedora-clang 4.0.3 155.15 NOTE
r-devel-windows-ix86+x86_64 4.0.3 27.00 97.00 124.00 OK
r-patched-linux-x86_64 4.0.3 11.40 98.41 109.81 NOTE
r-patched-solaris-x86 4.0.3 193.80 NOTE
r-release-linux-x86_64 4.0.3 12.53 98.55 111.08 NOTE
r-release-macos-x86_64 4.0.3 OK
r-release-windows-ix86+x86_64 4.0.3 26.00 134.00 160.00 OK
r-oldrel-macos-x86_64 4.0.3 OK
r-oldrel-windows-ix86+x86_64 4.0.3 17.00 127.00 144.00 OK

Check Details

Version: 4.0.3
Check: for non-standard things in the check directory
Result: NOTE
    Found the following files/directories:
     '3_FindHaplo_Example2_modified.txt'
     '4_Example3_HapPerPop_Weighted.txt'
     '4_Example3_IndelDistanceMatrixMullerMod.txt'
     '4_FindHaplo_Example2_modified.txt' 'FindHaplo.txt'
     'Haplotypes_DefaultNames.txt' 'Haplotypes_sequentialNames.txt'
     'Interaction.txt' 'Modules_summary.txt'
     'NINA.ThresholdEstimation.txt' 'NINA_Network.pdf' 'Network.pdf'
     'PercThr Estimation.pdf' 'PercThresholdEstimation.txt'
     'PercolatedNetwork.pdf' 'PopulationDistances.r.txt' 'Weighted.txt'
     'ex1.fas' 'ex2.2.fas' 'ex2.fas' 'ex2_unique.fas' 'ex3.fas'
     'simulated_sequences_rep1.fas' 'simulated_sequences_rep2.fas'
     'simulated_sequences_tips_rep1.fas'
     'simulated_sequences_tips_rep2.fas'
Flavors: r-devel-linux-x86_64-debian-clang, r-devel-linux-x86_64-debian-gcc, r-devel-linux-x86_64-fedora-clang, r-patched-linux-x86_64, r-patched-solaris-x86, r-release-linux-x86_64