CRAN Package Check Results for Package siconfir

Last updated on 2023-02-05 15:55:28 CET.

Flavor Version Tinstall Tcheck Ttotal Status Flags
r-devel-linux-x86_64-debian-clang 2.0.3 4.31 141.28 145.59 OK
r-devel-linux-x86_64-debian-gcc 2.0.3 3.74 106.40 110.14 OK
r-devel-linux-x86_64-fedora-clang 2.0.3 74.44 NOTE
r-devel-linux-x86_64-fedora-gcc 2.0.3 65.29 NOTE
r-devel-windows-x86_64 2.0.3 17.00 208.00 225.00 OK
r-patched-linux-x86_64 2.0.3 3.56 139.84 143.40 OK
r-release-linux-x86_64 2.0.3 4.79 148.00 152.79 OK
r-release-macos-arm64 2.0.3 142.00 ERROR
r-release-macos-x86_64 2.0.3 156.00 ERROR
r-release-windows-x86_64 2.0.3 24.00 216.00 240.00 OK
r-oldrel-macos-arm64 2.0.3 146.00 ERROR
r-oldrel-macos-x86_64 2.0.3 162.00 ERROR
r-oldrel-windows-ix86+x86_64 2.0.3 13.00 197.00 210.00 OK

Check Details

Version: 2.0.3
Check: data for non-ASCII characters
Result: NOTE
     Note: found 2397 marked UTF-8 strings
Flavors: r-devel-linux-x86_64-fedora-clang, r-devel-linux-x86_64-fedora-gcc

Version: 2.0.3
Check: tests
Result: ERROR
     Running ‘testthat.R’ [2s/123s]
    Running the tests in ‘tests/testthat.R’ failed.
    Last 13 lines of output:
     3. └─testthat::expect_equal(error, error_message) at test-siconfir.R:34:4
     ── Failure ('test-siconfir.R:164'): report_status ──────────────────────────────
     `error` (`actual`) not equal to `error_message` (`expected`).
    
     actual vs expected
     + "Timeout was reached: [apidatalake.tesouro.gov.br] Connection timed out after 10009 milliseconds"
     Backtrace:
     ▆
     1. ├─report_status %>% ... at test-siconfir.R:164:2
     2. └─siconfir (local) expect_with_exception(...)
     3. └─testthat::expect_equal(error, error_message) at test-siconfir.R:34:4
    
     [ FAIL 11 | WARN 10 | SKIP 0 | PASS 3 ]
     Error: Test failures
     Execution halted
Flavor: r-release-macos-arm64

Version: 2.0.3
Check: tests
Result: ERROR
     Running ‘testthat.R’ [3s/125s]
    Running the tests in ‘tests/testthat.R’ failed.
    Last 13 lines of output:
     3. └─testthat::expect_equal(error, error_message) at test-siconfir.R:34:4
     ── Failure ('test-siconfir.R:164'): report_status ──────────────────────────────
     `error` (`actual`) not equal to `error_message` (`expected`).
    
     actual vs expected
     + "Timeout was reached: [apidatalake.tesouro.gov.br] Connection timed out after 10087 milliseconds"
     Backtrace:
     ▆
     1. ├─report_status %>% ... at test-siconfir.R:164:2
     2. └─siconfir (local) expect_with_exception(...)
     3. └─testthat::expect_equal(error, error_message) at test-siconfir.R:34:4
    
     [ FAIL 11 | WARN 10 | SKIP 0 | PASS 3 ]
     Error: Test failures
     Execution halted
Flavor: r-release-macos-x86_64

Version: 2.0.3
Check: tests
Result: ERROR
     Running ‘testthat.R’ [1s/123s]
    Running the tests in ‘tests/testthat.R’ failed.
    Last 13 lines of output:
     3. └─testthat::expect_equal(error, error_message) at test-siconfir.R:34:4
     ── Failure ('test-siconfir.R:164'): report_status ──────────────────────────────
     `error` (`actual`) not equal to `error_message` (`expected`).
    
     actual vs expected
     + "Timeout was reached: [apidatalake.tesouro.gov.br] Connection timed out after 10003 milliseconds"
     Backtrace:
     ▆
     1. ├─report_status %>% ... at test-siconfir.R:164:2
     2. └─siconfir (local) expect_with_exception(...)
     3. └─testthat::expect_equal(error, error_message) at test-siconfir.R:34:4
    
     [ FAIL 11 | WARN 10 | SKIP 0 | PASS 3 ]
     Error: Test failures
     Execution halted
Flavor: r-oldrel-macos-arm64

Version: 2.0.3
Check: tests
Result: ERROR
     Running ‘testthat.R’ [3s/126s]
    Running the tests in ‘tests/testthat.R’ failed.
    Last 13 lines of output:
     3. └─testthat::expect_equal(error, error_message) at test-siconfir.R:34:4
     ── Failure ('test-siconfir.R:164'): report_status ──────────────────────────────
     `error` (`actual`) not equal to `error_message` (`expected`).
    
     actual vs expected
     + "Timeout was reached: [apidatalake.tesouro.gov.br] Connection timed out after 10229 milliseconds"
     Backtrace:
     ▆
     1. ├─report_status %>% ... at test-siconfir.R:164:2
     2. └─siconfir (local) expect_with_exception(...)
     3. └─testthat::expect_equal(error, error_message) at test-siconfir.R:34:4
    
     [ FAIL 11 | WARN 10 | SKIP 0 | PASS 3 ]
     Error: Test failures
     Execution halted
Flavor: r-oldrel-macos-x86_64