Last updated on 2022-06-28 15:53:28 CEST.
Flavor | Version | Tinstall | Tcheck | Ttotal | Status | Flags |
---|---|---|---|---|---|---|
r-devel-linux-x86_64-debian-clang | 0.2.4 | 3.57 | 92.90 | 96.47 | OK | |
r-devel-linux-x86_64-debian-gcc | 0.2.4 | 3.01 | 68.17 | 71.18 | OK | |
r-devel-linux-x86_64-fedora-clang | 0.2.4 | 122.40 | NOTE | |||
r-devel-linux-x86_64-fedora-gcc | 0.2.4 | 122.18 | NOTE | |||
r-devel-windows-x86_64 | 0.2.4 | 24.00 | 131.00 | 155.00 | OK | |
r-patched-linux-x86_64 | 0.2.4 | 2.93 | 88.56 | 91.49 | OK | |
r-release-linux-x86_64 | 0.2.4 | 3.02 | 88.77 | 91.79 | OK | |
r-release-macos-arm64 | 0.2.4 | 35.00 | NOTE | |||
r-release-macos-x86_64 | 0.2.4 | 68.00 | NOTE | |||
r-release-windows-x86_64 | 0.2.4 | 27.00 | 132.00 | 159.00 | OK | |
r-oldrel-macos-arm64 | 0.2.4 | 54.00 | NOTE | |||
r-oldrel-macos-x86_64 | 0.2.4 | 70.00 | NOTE | |||
r-oldrel-windows-ix86+x86_64 | 0.2.4 | 9.00 | 134.00 | 143.00 | OK |
Version: 0.2.4
Check: dependencies in R code
Result: NOTE
Namespace in Imports field not imported from: ‘dplyr’
All declared Imports should be used.
Flavors: r-devel-linux-x86_64-fedora-clang, r-devel-linux-x86_64-fedora-gcc, r-release-macos-arm64, r-release-macos-x86_64, r-oldrel-macos-arm64, r-oldrel-macos-x86_64