CRAN Package Check Results for Package shinymaterial

Last updated on 2024-06-17 04:49:00 CEST.

Flavor Version Tinstall Tcheck Ttotal Status Flags
r-devel-linux-x86_64-debian-clang 1.2.0 2.75 32.65 35.40 NOTE
r-devel-linux-x86_64-debian-gcc 1.2.0 3.06 25.22 28.28 NOTE
r-devel-linux-x86_64-fedora-clang 1.2.0 46.33 NOTE
r-devel-linux-x86_64-fedora-gcc 1.2.0 43.57 NOTE
r-devel-windows-x86_64 1.2.0 5.00 54.00 59.00 NOTE
r-patched-linux-x86_64 1.2.0 4.09 32.58 36.67 NOTE
r-release-linux-x86_64 1.2.0 4.09 32.29 36.38 NOTE
r-release-macos-arm64 1.2.0 20.00 NOTE
r-release-macos-x86_64 1.2.0 30.00 NOTE
r-release-windows-x86_64 1.2.0 5.00 55.00 60.00 NOTE
r-oldrel-macos-arm64 1.2.0 20.00 NOTE
r-oldrel-macos-x86_64 1.2.0 28.00 NOTE
r-oldrel-windows-x86_64 1.2.0 6.00 57.00 63.00 NOTE

Check Details

Version: 1.2.0
Check: LazyData
Result: NOTE 'LazyData' is specified without a 'data' directory Flavors: r-devel-linux-x86_64-debian-clang, r-devel-linux-x86_64-debian-gcc, r-devel-linux-x86_64-fedora-clang, r-devel-linux-x86_64-fedora-gcc, r-devel-windows-x86_64, r-patched-linux-x86_64, r-release-linux-x86_64, r-release-macos-arm64, r-release-macos-x86_64, r-release-windows-x86_64, r-oldrel-macos-arm64, r-oldrel-macos-x86_64, r-oldrel-windows-x86_64