CRAN Package Check Results for Package shinyhelper

Last updated on 2020-09-24 15:48:42 CEST.

Flavor Version Tinstall Tcheck Ttotal Status Flags
r-devel-linux-x86_64-debian-clang 0.3.2 1.91 19.37 21.28 OK
r-devel-linux-x86_64-debian-gcc 0.3.2 1.48 15.40 16.88 OK
r-devel-linux-x86_64-fedora-clang 0.3.2 35.41 NOTE
r-devel-linux-x86_64-fedora-gcc 0.3.2 25.08 NOTE
r-devel-windows-ix86+x86_64 0.3.2 5.00 29.00 34.00 OK
r-patched-linux-x86_64 0.3.2 1.99 18.82 20.81 OK
r-patched-solaris-x86 0.3.2 38.70 NOTE
r-release-linux-x86_64 0.3.2 1.95 18.78 20.73 OK
r-release-macos-x86_64 0.3.2 NOTE
r-release-windows-ix86+x86_64 0.3.2 14.00 35.00 49.00 OK
r-oldrel-macos-x86_64 0.3.2 NOTE
r-oldrel-windows-ix86+x86_64 0.3.2 3.00 33.00 36.00 OK

Check Details

Version: 0.3.2
Check: dependencies in R code
Result: NOTE
    Namespace in Imports field not imported from: ‘markdown’
     All declared Imports should be used.
Flavors: r-devel-linux-x86_64-fedora-clang, r-devel-linux-x86_64-fedora-gcc, r-patched-solaris-x86, r-release-macos-x86_64, r-oldrel-macos-x86_64