CRAN Package Check Results for Package shinybrms

Last updated on 2020-09-20 03:47:37 CEST.

Flavor Version Tinstall Tcheck Ttotal Status Flags
r-devel-linux-x86_64-debian-clang 1.4.0 2.19 26.40 28.59 OK
r-devel-linux-x86_64-debian-gcc 1.4.0 1.97 20.33 22.30 OK
r-devel-linux-x86_64-fedora-clang 1.4.0 46.96 OK
r-devel-linux-x86_64-fedora-gcc 1.4.0 35.67 OK
r-devel-windows-ix86+x86_64 1.4.0 8.00 44.00 52.00 OK
r-patched-linux-x86_64 1.4.0 2.16 25.96 28.12 NOTE
r-patched-solaris-x86 1.4.0 55.10 OK
r-release-linux-x86_64 1.4.0 2.26 25.92 28.18 OK
r-release-macos-x86_64 1.4.0 OK
r-release-windows-ix86+x86_64 1.4.0 7.00 51.00 58.00 OK
r-oldrel-macos-x86_64 1.4.0 OK
r-oldrel-windows-ix86+x86_64 1.4.0 4.00 32.00 36.00 OK

Check Details

Version: 1.4.0
Check: package dependencies
Result: NOTE
    Package suggested but not available for checking: ‘rstanarm’
Flavor: r-patched-linux-x86_64