CRAN Package Check Results for Package shinyPredict

Last updated on 2022-07-03 03:50:07 CEST.

Flavor Version Tinstall Tcheck Ttotal Status Flags
r-devel-linux-x86_64-debian-clang 0.1.1 1.64 20.52 22.16 NOTE
r-devel-linux-x86_64-debian-gcc 0.1.1 1.69 16.19 17.88 NOTE
r-devel-linux-x86_64-fedora-clang 0.1.1 39.93 NOTE
r-devel-linux-x86_64-fedora-gcc 0.1.1 38.85 NOTE
r-devel-windows-x86_64 0.1.1 15.00 43.00 58.00 NOTE
r-patched-linux-x86_64 0.1.1 1.93 20.77 22.70 NOTE
r-release-linux-x86_64 0.1.1 2.05 20.62 22.67 NOTE
r-release-macos-arm64 0.1.1 16.00 NOTE
r-release-macos-x86_64 0.1.1 20.00 NOTE
r-release-windows-x86_64 0.1.1 9.00 44.00 53.00 NOTE
r-oldrel-macos-arm64 0.1.1 18.00 NOTE
r-oldrel-macos-x86_64 0.1.1 23.00 NOTE
r-oldrel-windows-ix86+x86_64 0.1.1 5.00 44.00 49.00 NOTE

Check Details

Version: 0.1.1
Check: LazyData
Result: NOTE
     'LazyData' is specified without a 'data' directory
Flavors: r-devel-linux-x86_64-debian-clang, r-devel-linux-x86_64-debian-gcc, r-devel-linux-x86_64-fedora-clang, r-devel-linux-x86_64-fedora-gcc, r-devel-windows-x86_64, r-patched-linux-x86_64, r-release-linux-x86_64, r-release-macos-arm64, r-release-macos-x86_64, r-release-windows-x86_64, r-oldrel-macos-arm64, r-oldrel-macos-x86_64, r-oldrel-windows-ix86+x86_64