CRAN Package Check Results for Package shinyML

Last updated on 2022-08-13 04:57:59 CEST.

Flavor Version Tinstall Tcheck Ttotal Status Flags
r-devel-linux-x86_64-debian-clang 1.0.1 18.29 117.81 136.10 NOTE
r-devel-linux-x86_64-debian-gcc 1.0.1 13.28 86.11 99.39 NOTE
r-devel-linux-x86_64-fedora-clang 1.0.1 176.45 NOTE
r-devel-linux-x86_64-fedora-gcc 1.0.1 171.73 NOTE
r-devel-windows-x86_64 1.0.1 19.00 129.00 148.00 NOTE
r-patched-linux-x86_64 1.0.1 10.51 110.90 121.41 NOTE
r-release-linux-x86_64 1.0.1 11.98 109.74 121.72 NOTE
r-release-macos-arm64 1.0.1 43.00 NOTE
r-release-macos-x86_64 1.0.1 73.00 NOTE
r-release-windows-x86_64 1.0.1 21.00 131.00 152.00 NOTE
r-oldrel-macos-arm64 1.0.1 53.00 NOTE
r-oldrel-macos-x86_64 1.0.1 80.00 NOTE
r-oldrel-windows-ix86+x86_64 1.0.1 41.00 134.00 175.00 NOTE

Check Details

Version: 1.0.1
Check: LazyData
Result: NOTE
     'LazyData' is specified without a 'data' directory
Flavors: r-devel-linux-x86_64-debian-clang, r-devel-linux-x86_64-debian-gcc, r-devel-linux-x86_64-fedora-clang, r-devel-linux-x86_64-fedora-gcc, r-devel-windows-x86_64, r-patched-linux-x86_64, r-release-linux-x86_64, r-release-macos-arm64, r-release-macos-x86_64, r-release-windows-x86_64, r-oldrel-macos-arm64, r-oldrel-macos-x86_64, r-oldrel-windows-ix86+x86_64