CRAN Package Check Results for Package shinyIRT

Last updated on 2022-07-06 15:49:10 CEST.

Flavor Version Tinstall Tcheck Ttotal Status Flags
r-devel-linux-x86_64-debian-clang 0.1 11.80 96.72 108.52 NOTE
r-devel-linux-x86_64-debian-gcc 0.1 8.76 72.48 81.24 NOTE
r-devel-linux-x86_64-fedora-clang 0.1 146.10 NOTE
r-devel-linux-x86_64-fedora-gcc 0.1 145.05 NOTE
r-devel-windows-x86_64 0.1 16.00 115.00 131.00 NOTE
r-patched-linux-x86_64 0.1 7.67 93.80 101.47 NOTE
r-release-linux-x86_64 0.1 10.53 93.31 103.84 NOTE
r-release-macos-arm64 0.1 37.00 NOTE
r-release-macos-x86_64 0.1 70.00 NOTE
r-release-windows-x86_64 0.1 13.00 122.00 135.00 NOTE
r-oldrel-macos-arm64 0.1 59.00 NOTE
r-oldrel-macos-x86_64 0.1 91.00 NOTE
r-oldrel-windows-ix86+x86_64 0.1 28.00 109.00 137.00 NOTE

Check Details

Version: 0.1
Check: LazyData
Result: NOTE
     'LazyData' is specified without a 'data' directory
Flavors: r-devel-linux-x86_64-debian-clang, r-devel-linux-x86_64-debian-gcc, r-devel-linux-x86_64-fedora-clang, r-devel-linux-x86_64-fedora-gcc, r-devel-windows-x86_64, r-patched-linux-x86_64, r-release-linux-x86_64, r-release-macos-arm64, r-release-macos-x86_64, r-release-windows-x86_64, r-oldrel-macos-arm64, r-oldrel-macos-x86_64, r-oldrel-windows-ix86+x86_64