Last updated on 2022-06-27 15:53:54 CEST.
Flavor | Version | Tinstall | Tcheck | Ttotal | Status | Flags |
---|---|---|---|---|---|---|
r-devel-linux-x86_64-debian-clang | 0.2.0 | 9.09 | 80.31 | 89.40 | NOTE | |
r-devel-linux-x86_64-debian-gcc | 0.2.0 | 7.20 | 59.66 | 66.86 | NOTE | |
r-devel-linux-x86_64-fedora-clang | 0.2.0 | 113.87 | NOTE | |||
r-devel-linux-x86_64-fedora-gcc | 0.2.0 | 112.91 | NOTE | |||
r-devel-windows-x86_64 | 0.2.0 | 21.00 | 107.00 | 128.00 | NOTE | |
r-patched-linux-x86_64 | 0.2.0 | 8.74 | 74.97 | 83.71 | NOTE | |
r-release-linux-x86_64 | 0.2.0 | 6.02 | 74.04 | 80.06 | NOTE | |
r-release-macos-arm64 | 0.2.0 | 32.00 | NOTE | |||
r-release-macos-x86_64 | 0.2.0 | 56.00 | NOTE | |||
r-release-windows-x86_64 | 0.2.0 | 25.00 | 107.00 | 132.00 | NOTE | |
r-oldrel-macos-arm64 | 0.2.0 | 40.00 | NOTE | |||
r-oldrel-macos-x86_64 | 0.2.0 | 60.00 | NOTE | |||
r-oldrel-windows-ix86+x86_64 | 0.2.0 | 22.00 | 101.00 | 123.00 | NOTE |
Version: 0.2.0
Check: LazyData
Result: NOTE
'LazyData' is specified without a 'data' directory
Flavors: r-devel-linux-x86_64-debian-clang, r-devel-linux-x86_64-debian-gcc, r-devel-linux-x86_64-fedora-clang, r-devel-linux-x86_64-fedora-gcc, r-devel-windows-x86_64, r-patched-linux-x86_64, r-release-linux-x86_64, r-release-macos-arm64, r-release-macos-x86_64, r-release-windows-x86_64, r-oldrel-macos-arm64, r-oldrel-macos-x86_64, r-oldrel-windows-ix86+x86_64