CRAN Package Check Results for Package shinyAce

Last updated on 2024-06-13 03:49:35 CEST.

Flavor Version Tinstall Tcheck Ttotal Status Flags
r-devel-linux-x86_64-debian-clang 0.4.2 8.05 44.57 52.62 NOTE
r-devel-linux-x86_64-debian-gcc 0.4.2 4.04 33.69 37.73 ERROR
r-devel-linux-x86_64-fedora-clang 0.4.2 65.44 NOTE
r-devel-linux-x86_64-fedora-gcc 0.4.2 74.97 NOTE
r-devel-windows-x86_64 0.4.2 7.00 57.00 64.00 NOTE
r-patched-linux-x86_64 0.4.2 8.62 44.68 53.30 NOTE
r-release-linux-x86_64 0.4.2 7.50 43.59 51.09 NOTE
r-release-macos-arm64 0.4.2 36.00 NOTE
r-release-macos-x86_64 0.4.2 46.00 NOTE
r-release-windows-x86_64 0.4.2 8.00 60.00 68.00 NOTE
r-oldrel-macos-arm64 0.4.2 32.00 NOTE
r-oldrel-macos-x86_64 0.4.2 48.00 NOTE
r-oldrel-windows-x86_64 0.4.2 10.00 65.00 75.00 NOTE

Check Details

Version: 0.4.2
Check: HTML version of manual
Result: NOTE Found the following HTML validation problems: get_arg_help.html:43:1 (get_arg_help.Rd:13): Warning: trimming empty <dt> get_desc_help.html:43:1 (get_desc_help.Rd:13): Warning: trimming empty <dt> get_usage_help.html:43:1 (get_usage_help.Rd:13): Warning: trimming empty <dt> Flavors: r-devel-linux-x86_64-debian-clang, r-devel-linux-x86_64-debian-gcc, r-devel-linux-x86_64-fedora-clang, r-devel-linux-x86_64-fedora-gcc, r-devel-windows-x86_64, r-patched-linux-x86_64, r-release-linux-x86_64, r-release-windows-x86_64

Version: 0.4.2
Check: package dependencies
Result: NOTE Packages suggested but not available for checking: 'testthat', 'dplyr' Flavor: r-devel-linux-x86_64-debian-gcc

Version: 0.4.2
Check: tests
Result: ERROR Running ‘test-all.R’ [0s/1s] Running the tests in ‘tests/test-all.R’ failed. Complete output: > library(testthat) Error in library(testthat) : there is no package called 'testthat' Execution halted Flavor: r-devel-linux-x86_64-debian-gcc

Version: 0.4.2
Check: installed package size
Result: NOTE installed size is 8.1Mb sub-directories of 1Mb or more: www 7.7Mb Flavors: r-devel-linux-x86_64-fedora-clang, r-devel-windows-x86_64, r-release-macos-arm64, r-release-macos-x86_64, r-release-windows-x86_64, r-oldrel-macos-arm64, r-oldrel-macos-x86_64, r-oldrel-windows-x86_64