CRAN Package Check Results for Package shiny.semantic

Last updated on 2020-09-24 03:53:08 CEST.

Flavor Version Tinstall Tcheck Ttotal Status Flags
r-devel-linux-x86_64-debian-clang 0.4.0 6.56 48.17 54.73 OK
r-devel-linux-x86_64-debian-gcc 0.4.0 5.67 37.87 43.54 OK
r-devel-linux-x86_64-fedora-clang 0.4.0 78.52 NOTE
r-devel-linux-x86_64-fedora-gcc 0.4.0 64.32 OK
r-devel-windows-ix86+x86_64 0.4.0 15.00 81.00 96.00 NOTE
r-patched-linux-x86_64 0.4.0 7.07 47.21 54.28 OK
r-patched-solaris-x86 0.4.0 94.50 NOTE
r-release-linux-x86_64 0.4.0 5.87 47.05 52.92 OK
r-release-macos-x86_64 0.4.0 NOTE
r-release-windows-ix86+x86_64 0.4.0 22.00 77.00 99.00 NOTE
r-oldrel-macos-x86_64 0.4.0 NOTE
r-oldrel-windows-ix86+x86_64 0.4.0 11.00 73.00 84.00 NOTE

Check Details

Version: 0.4.0
Check: installed package size
Result: NOTE
     installed size is 10.8Mb
     sub-directories of 1Mb or more:
     help 2.5Mb
     www 8.0Mb
Flavors: r-devel-linux-x86_64-fedora-clang, r-devel-windows-ix86+x86_64, r-patched-solaris-x86, r-release-macos-x86_64, r-release-windows-ix86+x86_64, r-oldrel-macos-x86_64, r-oldrel-windows-ix86+x86_64