CRAN Package Check Results for Package shiny.router

Last updated on 2020-11-25 15:52:08 CET.

Flavor Version Tinstall Tcheck Ttotal Status Flags
r-devel-linux-x86_64-debian-clang 0.2.0 3.22 29.54 32.76 OK
r-devel-linux-x86_64-debian-gcc 0.2.0 2.51 25.91 28.42 OK
r-devel-linux-x86_64-fedora-clang 0.2.0 43.52 NOTE
r-devel-linux-x86_64-fedora-gcc 0.2.0 33.15 NOTE
r-devel-windows-ix86+x86_64 0.2.0 6.00 49.00 55.00 OK
r-patched-linux-x86_64 0.2.0 3.11 30.36 33.47 OK
r-patched-solaris-x86 0.2.0 51.90 NOTE
r-release-linux-x86_64 0.2.0 3.25 30.64 33.89 OK
r-release-macos-x86_64 0.2.0 NOTE
r-release-windows-ix86+x86_64 0.2.0 6.00 43.00 49.00 OK
r-oldrel-macos-x86_64 0.2.0 NOTE
r-oldrel-windows-ix86+x86_64 0.2.0 4.00 35.00 39.00 OK

Check Details

Version: 0.2.0
Check: dependencies in R code
Result: NOTE
    Namespace in Imports field not imported from: ‘magrittr’
     All declared Imports should be used.
Flavors: r-devel-linux-x86_64-fedora-clang, r-devel-linux-x86_64-fedora-gcc, r-patched-solaris-x86, r-release-macos-x86_64, r-oldrel-macos-x86_64