CRAN Package Check Results for Package shiny.i18n

Last updated on 2022-08-17 15:50:05 CEST.

Flavor Version Tinstall Tcheck Ttotal Status Flags
r-devel-linux-x86_64-debian-clang 0.2.0 5.53 44.20 49.73 NOTE
r-devel-linux-x86_64-debian-gcc 0.2.0 NOTE
r-devel-linux-x86_64-fedora-clang 0.2.0 71.40 NOTE
r-devel-linux-x86_64-fedora-gcc 0.2.0 72.67 NOTE
r-devel-windows-x86_64 0.2.0 27.00 71.00 98.00 NOTE
r-patched-linux-x86_64 0.2.0 5.72 43.03 48.75 NOTE
r-release-linux-x86_64 0.2.0 4.86 42.52 47.38 NOTE
r-release-macos-arm64 0.2.0 22.00 NOTE
r-release-macos-x86_64 0.2.0 39.00 NOTE
r-release-windows-x86_64 0.2.0 20.00 75.00 95.00 NOTE
r-oldrel-macos-arm64 0.2.0 24.00 NOTE
r-oldrel-macos-x86_64 0.2.0 37.00 NOTE
r-oldrel-windows-ix86+x86_64 0.2.0 13.00 74.00 87.00 NOTE

Check Details

Version: 0.2.0
Check: LazyData
Result: NOTE
     'LazyData' is specified without a 'data' directory
Flavors: r-devel-linux-x86_64-debian-clang, r-devel-linux-x86_64-debian-gcc, r-devel-linux-x86_64-fedora-clang, r-devel-linux-x86_64-fedora-gcc, r-devel-windows-x86_64, r-patched-linux-x86_64, r-release-linux-x86_64, r-release-macos-arm64, r-release-macos-x86_64, r-release-windows-x86_64, r-oldrel-macos-arm64, r-oldrel-macos-x86_64, r-oldrel-windows-ix86+x86_64

Version: 0.2.0
Check: dependencies in R code
Result: NOTE
    Namespace in Imports field not imported from: ‘R6’
     All declared Imports should be used.
Flavors: r-devel-linux-x86_64-fedora-clang, r-devel-linux-x86_64-fedora-gcc, r-release-macos-arm64, r-release-macos-x86_64, r-oldrel-macos-arm64, r-oldrel-macos-x86_64