CRAN Package Check Results for Package sglOptim

Last updated on 2022-10-04 03:56:53 CEST.

Flavor Version Tinstall Tcheck Ttotal Status Flags
r-devel-linux-x86_64-debian-clang 1.3.8 86.65 87.66 174.31 OK
r-devel-linux-x86_64-debian-gcc 1.3.8 54.51 68.27 122.78 OK
r-devel-linux-x86_64-fedora-clang 1.3.8 240.32 OK
r-devel-linux-x86_64-fedora-gcc 1.3.8 207.79 OK
r-devel-windows-x86_64 1.3.8 167.00 162.00 329.00 OK
r-patched-linux-x86_64 1.3.8 58.72 80.90 139.62 OK
r-release-linux-x86_64 1.3.8 56.83 81.56 138.39 OK
r-release-macos-arm64 1.3.8 61.00 NOTE
r-release-macos-x86_64 1.3.8 81.00 NOTE
r-release-windows-x86_64 1.3.8 195.00 151.00 346.00 OK
r-oldrel-macos-arm64 1.3.8 73.00 NOTE
r-oldrel-macos-x86_64 1.3.8 121.00 NOTE
r-oldrel-windows-ix86+x86_64 1.3.8 151.00 151.00 302.00 OK

Check Details

Version: 1.3.8
Check: installed package size
Result: NOTE
     installed size is 11.1Mb
     sub-directories of 1Mb or more:
     libs 9.7Mb
Flavors: r-release-macos-arm64, r-release-macos-x86_64, r-oldrel-macos-arm64, r-oldrel-macos-x86_64