Last updated on 2023-09-28 15:58:33 CEST.
Flavor | Version | Tinstall | Tcheck | Ttotal | Status | Flags |
---|---|---|---|---|---|---|
r-devel-linux-x86_64-debian-clang | 1.3.8 | 89.55 | 94.41 | 183.96 | OK | |
r-devel-linux-x86_64-debian-gcc | 1.3.8 | 56.24 | 71.31 | 127.55 | OK | |
r-devel-linux-x86_64-fedora-clang | 1.3.8 | 226.34 | OK | |||
r-devel-linux-x86_64-fedora-gcc | 1.3.8 | 226.20 | OK | |||
r-devel-windows-x86_64 | 1.3.8 | 56.00 | 120.00 | 176.00 | OK | |
r-patched-linux-x86_64 | 1.3.8 | 71.13 | 89.05 | 160.18 | OK | |
r-release-linux-x86_64 | 1.3.8 | 59.41 | 89.58 | 148.99 | OK | |
r-release-macos-arm64 | 1.3.8 | 74.00 | NOTE | |||
r-release-macos-x86_64 | 1.3.8 | 128.00 | NOTE | |||
r-release-windows-x86_64 | 1.3.8 | 69.00 | 148.00 | 217.00 | OK | |
r-oldrel-macos-arm64 | 1.3.8 | 61.00 | NOTE | |||
r-oldrel-macos-x86_64 | 1.3.8 | 81.00 | NOTE | |||
r-oldrel-windows-x86_64 | 1.3.8 | 66.00 | 121.00 | 187.00 | OK |
Version: 1.3.8
Check: installed package size
Result: NOTE
installed size is 11.7Mb
sub-directories of 1Mb or more:
libs 10.2Mb
Flavors: r-release-macos-arm64, r-release-macos-x86_64, r-oldrel-macos-arm64, r-oldrel-macos-x86_64