Last updated on 2022-08-13 04:57:59 CEST.
Flavor | Version | Tinstall | Tcheck | Ttotal | Status | Flags |
---|---|---|---|---|---|---|
r-devel-linux-x86_64-debian-clang | 0.4.0 | 137.14 | 48.32 | 185.46 | NOTE | |
r-devel-linux-x86_64-debian-gcc | 0.4.0 | 115.75 | 37.26 | 153.01 | NOTE | |
r-devel-linux-x86_64-fedora-clang | 0.4.0 | 281.77 | NOTE | |||
r-devel-linux-x86_64-fedora-gcc | 0.4.0 | 281.91 | NOTE | |||
r-devel-windows-x86_64 | 0.4.0 | 242.00 | 114.00 | 356.00 | NOTE | |
r-patched-linux-x86_64 | 0.4.0 | 119.55 | 46.47 | 166.02 | NOTE | |
r-release-linux-x86_64 | 0.4.0 | 118.96 | 46.01 | 164.97 | NOTE | |
r-release-macos-arm64 | 0.4.0 | 59.00 | NOTE | |||
r-release-macos-x86_64 | 0.4.0 | 84.00 | NOTE | |||
r-release-windows-x86_64 | 0.4.0 | 218.00 | 107.00 | 325.00 | NOTE | |
r-oldrel-macos-arm64 | 0.4.0 | 76.00 | NOTE | |||
r-oldrel-macos-x86_64 | 0.4.0 | 127.00 | NOTE | |||
r-oldrel-windows-ix86+x86_64 | 0.4.0 | 305.00 | 123.00 | 428.00 | NOTE |
Version: 0.4.0
Check: LazyData
Result: NOTE
'LazyData' is specified without a 'data' directory
Flavors: r-devel-linux-x86_64-debian-clang, r-devel-linux-x86_64-debian-gcc, r-devel-linux-x86_64-fedora-clang, r-devel-linux-x86_64-fedora-gcc, r-devel-windows-x86_64, r-patched-linux-x86_64, r-release-linux-x86_64, r-release-macos-arm64, r-release-macos-x86_64, r-release-windows-x86_64, r-oldrel-macos-arm64, r-oldrel-macos-x86_64, r-oldrel-windows-ix86+x86_64
Version: 0.4.0
Check: installed package size
Result: NOTE
installed size is 7.9Mb
sub-directories of 1Mb or more:
libs 7.3Mb
Flavors: r-devel-linux-x86_64-fedora-clang, r-release-macos-arm64, r-release-macos-x86_64, r-oldrel-macos-arm64, r-oldrel-macos-x86_64
Version: 0.4.0
Check: dependencies in R code
Result: NOTE
Namespace in Imports field not imported from: ‘geometries’
All declared Imports should be used.
Flavors: r-devel-linux-x86_64-fedora-clang, r-devel-linux-x86_64-fedora-gcc, r-release-macos-arm64, r-release-macos-x86_64, r-oldrel-macos-arm64, r-oldrel-macos-x86_64