CRAN Package Check Results for Package sf

Last updated on 2022-07-03 15:52:43 CEST.

Flavor Version Tinstall Tcheck Ttotal Status Flags
r-devel-linux-x86_64-debian-clang 1.0-7 200.83 395.93 596.76 OK
r-devel-linux-x86_64-debian-gcc 1.0-7 169.43 290.36 459.79 OK
r-devel-linux-x86_64-fedora-clang 1.0-7 783.18 NOTE
r-devel-linux-x86_64-fedora-gcc 1.0-7 752.01 OK
r-devel-windows-x86_64 1.0-7 216.00 7.00 223.00 ERROR
r-patched-linux-x86_64 1.0-7 181.33 375.92 557.25 OK
r-release-linux-x86_64 1.0-7 173.53 368.60 542.13 OK
r-release-macos-arm64 1.0-7 222.00 NOTE
r-release-macos-x86_64 1.0-7 31.00 ERROR
r-release-windows-x86_64 1.0-7 216.00 8.00 224.00 ERROR
r-oldrel-macos-arm64 1.0-7 198.00 NOTE
r-oldrel-macos-x86_64 1.0-7 306.00 NOTE
r-oldrel-windows-ix86+x86_64 1.0-7 561.00 1136.00 1697.00 NOTE

Check Details

Version: 1.0-7
Check: installed package size
Result: NOTE
     installed size is 13.0Mb
     sub-directories of 1Mb or more:
     doc 1.7Mb
     libs 6.7Mb
     sqlite 1.5Mb
Flavors: r-devel-linux-x86_64-fedora-clang, r-release-macos-arm64, r-oldrel-macos-arm64, r-oldrel-macos-x86_64, r-oldrel-windows-ix86+x86_64

Version: 1.0-7
Check: whether package can be installed
Result: ERROR
    Installation failed.
Flavors: r-devel-windows-x86_64, r-release-macos-x86_64, r-release-windows-x86_64