CRAN Package Check Results for Package set

Last updated on 2024-07-20 03:49:15 CEST.

Flavor Version Tinstall Tcheck Ttotal Status Flags
r-devel-linux-x86_64-debian-clang 1.2 2.03 24.70 26.73 NOTE
r-devel-linux-x86_64-debian-gcc 1.2 1.90 18.87 20.77 NOTE
r-devel-linux-x86_64-fedora-clang 1.2 33.91 NOTE
r-devel-linux-x86_64-fedora-gcc 1.2 31.20 NOTE
r-devel-windows-x86_64 1.2 3.00 41.00 44.00 NOTE
r-patched-linux-x86_64 1.2 2.54 22.93 25.47 NOTE
r-release-linux-x86_64 1.2 1.78 22.60 24.38 NOTE
r-release-macos-arm64 1.2 14.00 NOTE
r-release-macos-x86_64 1.2 23.00 NOTE
r-release-windows-x86_64 1.2 4.00 40.00 44.00 NOTE
r-oldrel-macos-arm64 1.2 15.00 NOTE
r-oldrel-macos-x86_64 1.2 20.00 NOTE
r-oldrel-windows-x86_64 1.2 4.00 44.00 48.00 NOTE

Check Details

Version: 1.2
Check: LazyData
Result: NOTE 'LazyData' is specified without a 'data' directory Flavors: r-devel-linux-x86_64-debian-clang, r-devel-linux-x86_64-debian-gcc, r-devel-linux-x86_64-fedora-clang, r-devel-linux-x86_64-fedora-gcc, r-devel-windows-x86_64, r-patched-linux-x86_64, r-release-linux-x86_64, r-release-macos-arm64, r-release-macos-x86_64, r-release-windows-x86_64, r-oldrel-macos-arm64, r-oldrel-macos-x86_64, r-oldrel-windows-x86_64