CRAN Package Check Results for Package sesem

Last updated on 2022-07-06 03:52:26 CEST.

Flavor Version Tinstall Tcheck Ttotal Status Flags
r-devel-linux-x86_64-debian-clang 1.0.2 10.20 85.41 95.61 OK
r-devel-linux-x86_64-debian-gcc 1.0.2 6.70 64.57 71.27 OK
r-devel-linux-x86_64-fedora-clang 1.0.2 125.54 WARN
r-devel-linux-x86_64-fedora-gcc 1.0.2 133.85 WARN
r-devel-windows-x86_64 1.0.2 20.00 110.00 130.00 OK
r-patched-linux-x86_64 1.0.2 10.82 80.91 91.73 OK
r-release-linux-x86_64 1.0.2 8.77 80.84 89.61 OK
r-release-macos-arm64 1.0.2 34.00 OK
r-release-macos-x86_64 1.0.2 51.00 OK
r-release-windows-x86_64 1.0.2 13.00 115.00 128.00 OK
r-oldrel-macos-arm64 1.0.2 40.00 OK
r-oldrel-macos-x86_64 1.0.2 70.00 OK
r-oldrel-windows-ix86+x86_64 1.0.2 19.00 103.00 122.00 OK

Check Details

Version: 1.0.2
Check: package dependencies
Result: WARN
    Requires (indirectly) orphaned package: ‘gtools’
Flavors: r-devel-linux-x86_64-fedora-clang, r-devel-linux-x86_64-fedora-gcc