CRAN Package Check Results for Package serieslcb

Last updated on 2023-01-29 16:55:10 CET.

Flavor Version Tinstall Tcheck Ttotal Status Flags
r-devel-linux-x86_64-debian-clang 0.4.0 3.79 43.33 47.12 NOTE
r-devel-linux-x86_64-debian-gcc 0.4.0 4.04 33.05 37.09 NOTE
r-devel-linux-x86_64-fedora-clang 0.4.0 59.47 NOTE
r-devel-linux-x86_64-fedora-gcc 0.4.0 58.92 NOTE
r-devel-windows-x86_64 0.4.0 25.00 78.00 103.00 NOTE
r-patched-linux-x86_64 0.4.0 4.81 41.89 46.70 NOTE
r-release-linux-x86_64 0.4.0 4.49 41.23 45.72 NOTE
r-release-macos-arm64 0.4.0 21.00 NOTE
r-release-macos-x86_64 0.4.0 37.00 NOTE
r-release-windows-x86_64 0.4.0 27.00 72.00 99.00 NOTE
r-oldrel-macos-arm64 0.4.0 28.00 NOTE
r-oldrel-macos-x86_64 0.4.0 34.00 NOTE
r-oldrel-windows-ix86+x86_64 0.4.0 12.00 75.00 87.00 NOTE

Check Details

Version: 0.4.0
Check: LazyData
Result: NOTE
     'LazyData' is specified without a 'data' directory
Flavors: r-devel-linux-x86_64-debian-clang, r-devel-linux-x86_64-debian-gcc, r-devel-linux-x86_64-fedora-clang, r-devel-linux-x86_64-fedora-gcc, r-devel-windows-x86_64, r-patched-linux-x86_64, r-release-linux-x86_64, r-release-macos-arm64, r-release-macos-x86_64, r-release-windows-x86_64, r-oldrel-macos-arm64, r-oldrel-macos-x86_64, r-oldrel-windows-ix86+x86_64