CRAN Package Check Results for Package seqinr

Last updated on 2022-06-29 15:50:04 CEST.

Flavor Version Tinstall Tcheck Ttotal Status Flags
r-devel-linux-x86_64-debian-clang 4.2-16 14.08 120.28 134.36 NOTE
r-devel-linux-x86_64-debian-gcc 4.2-16 11.51 91.46 102.97 NOTE
r-devel-linux-x86_64-fedora-clang 4.2-16 168.88 NOTE
r-devel-linux-x86_64-fedora-gcc 4.2-16 169.89 NOTE
r-devel-windows-x86_64 4.2-16 113.00 175.00 288.00 NOTE
r-patched-linux-x86_64 4.2-16 19.38 112.11 131.49 OK
r-release-linux-x86_64 4.2-16 14.51 110.99 125.50 OK
r-release-macos-arm64 4.2-16 64.00 NOTE
r-release-macos-x86_64 4.2-16 72.00 NOTE
r-release-windows-x86_64 4.2-16 89.00 171.00 260.00 NOTE
r-oldrel-macos-arm64 4.2-16 60.00 NOTE
r-oldrel-macos-x86_64 4.2-16 65.00 NOTE
r-oldrel-windows-ix86+x86_64 4.2-16 36.00 202.00 238.00 NOTE

Check Details

Version: 4.2-16
Check: Rd files
Result: NOTE
    checkRd: (-1) aaindex.Rd:525: Escaped LaTeX specials: \_
    checkRd: (-1) aaindex.Rd:526: Escaped LaTeX specials: \_
    checkRd: (-1) acnucopen.Rd:38: Escaped LaTeX specials: \_ \_ \_ \_ \_ \_
    checkRd: (-1) acnucopen.Rd:39: Escaped LaTeX specials: \_
    checkRd: (-1) read.alignment.Rd:47: Escaped LaTeX specials: \_ \_
    checkRd: (-1) read.alignment.Rd:48: Escaped LaTeX specials: \_ \_
Flavors: r-devel-linux-x86_64-debian-clang, r-devel-linux-x86_64-debian-gcc, r-devel-linux-x86_64-fedora-clang, r-devel-linux-x86_64-fedora-gcc, r-devel-windows-x86_64

Version: 4.2-16
Check: installed package size
Result: NOTE
     installed size is 5.5Mb
     sub-directories of 1Mb or more:
     data 1.4Mb
     sequences 1.9Mb
Flavors: r-devel-linux-x86_64-fedora-clang, r-devel-windows-x86_64, r-release-macos-arm64, r-release-macos-x86_64, r-release-windows-x86_64, r-oldrel-macos-arm64, r-oldrel-macos-x86_64, r-oldrel-windows-ix86+x86_64