CRAN Package Check Results for Package seqgendiff

Last updated on 2022-09-25 03:54:41 CEST.

Flavor Version Tinstall Tcheck Ttotal Status Flags
r-devel-linux-x86_64-debian-clang 1.2.3 3.89 191.44 195.33 OK
r-devel-linux-x86_64-debian-gcc 1.2.3 2.69 140.20 142.89 OK
r-devel-linux-x86_64-fedora-clang 1.2.3 243.76 OK
r-devel-linux-x86_64-fedora-gcc 1.2.3 239.97 OK
r-devel-windows-x86_64 1.2.3 33.00 233.00 266.00 OK
r-patched-linux-x86_64 1.2.3 4.92 182.92 187.84 OK
r-release-linux-x86_64 1.2.3 3.70 182.43 186.13 OK
r-release-macos-arm64 1.2.3 69.00 OK
r-release-macos-x86_64 1.2.3 73.00 NOTE
r-release-windows-x86_64 1.2.3 23.00 219.00 242.00 OK
r-oldrel-macos-arm64 1.2.3 62.00 OK
r-oldrel-macos-x86_64 1.2.3 61.00 NOTE
r-oldrel-windows-ix86+x86_64 1.2.3 9.00 217.00 226.00 OK

Check Details

Version: 1.2.3
Check: package dependencies
Result: NOTE
    Package suggested but not available for checking: ‘airway’
Flavors: r-release-macos-x86_64, r-oldrel-macos-x86_64