CRAN Package Check Results for Package seqgendiff

Last updated on 2020-09-28 03:47:54 CEST.

Flavor Version Tinstall Tcheck Ttotal Status Flags
r-devel-linux-x86_64-debian-clang 1.2.2 3.56 169.37 172.93 OK
r-devel-linux-x86_64-debian-gcc 1.2.2 3.04 126.94 129.98 OK
r-devel-linux-x86_64-fedora-clang 1.2.2 215.33 OK
r-devel-linux-x86_64-fedora-gcc 1.2.2 213.24 OK
r-devel-windows-ix86+x86_64 1.2.2 8.00 199.00 207.00 OK
r-patched-linux-x86_64 1.2.2 3.33 169.85 173.18 OK
r-patched-solaris-x86 1.2.2 210.00 NOTE
r-release-linux-x86_64 1.2.2 2.70 167.27 169.97 OK
r-release-macos-x86_64 1.2.2 NOTE
r-release-windows-ix86+x86_64 1.2.2 12.00 215.00 227.00 OK
r-oldrel-macos-x86_64 1.2.2 NOTE
r-oldrel-windows-ix86+x86_64 1.2.2 6.00 237.00 243.00 OK

Check Details

Version: 1.2.2
Check: package dependencies
Result: NOTE
    Package suggested but not available for checking: ‘airway’
Flavors: r-patched-solaris-x86, r-release-macos-x86_64, r-oldrel-macos-x86_64