Last updated on 2023-01-28 03:56:03 CET.
Flavor | Version | Tinstall | Tcheck | Ttotal | Status | Flags |
---|---|---|---|---|---|---|
r-devel-linux-x86_64-debian-clang | 1.0.1 | 136.85 | 77.29 | 214.14 | NOTE | |
r-devel-linux-x86_64-debian-gcc | 1.0.1 | 102.29 | 56.57 | 158.86 | NOTE | |
r-devel-linux-x86_64-fedora-clang | 1.0.1 | 311.52 | NOTE | |||
r-devel-linux-x86_64-fedora-gcc | 1.0.1 | 290.37 | NOTE | |||
r-patched-linux-x86_64 | 1.0.1 | 112.04 | 71.96 | 184.00 | NOTE | |
r-release-linux-x86_64 | 1.0.1 | 84.43 | 71.89 | 156.32 | NOTE | |
r-release-macos-arm64 | 1.0.1 | 65.00 | NOTE | |||
r-release-macos-x86_64 | 1.0.1 | 108.00 | NOTE | |||
r-release-windows-x86_64 | 1.0.1 | 108.00 | 133.00 | 241.00 | NOTE | |
r-oldrel-macos-arm64 | 1.0.1 | 78.00 | NOTE | |||
r-oldrel-macos-x86_64 | 1.0.1 | 115.00 | NOTE | |||
r-oldrel-windows-ix86+x86_64 | 1.0.1 | 326.00 | 144.00 | 470.00 | NOTE |
Version: 1.0.1
Check: LazyData
Result: NOTE
'LazyData' is specified without a 'data' directory
Flavors: r-devel-linux-x86_64-debian-clang, r-devel-linux-x86_64-debian-gcc, r-devel-linux-x86_64-fedora-clang, r-devel-linux-x86_64-fedora-gcc, r-patched-linux-x86_64, r-release-linux-x86_64, r-release-macos-arm64, r-release-macos-x86_64, r-release-windows-x86_64, r-oldrel-macos-arm64, r-oldrel-macos-x86_64, r-oldrel-windows-ix86+x86_64
Version: 1.0.1
Check: C++ specification
Result: NOTE
Specified C++11: please update to current default of C++17
Flavors: r-devel-linux-x86_64-debian-gcc, r-devel-linux-x86_64-fedora-clang, r-devel-linux-x86_64-fedora-gcc
Version: 1.0.1
Check: installed package size
Result: NOTE
installed size is 5.4Mb
sub-directories of 1Mb or more:
libs 5.2Mb
Flavor: r-oldrel-macos-arm64