CRAN Package Check Results for Package seqICP

Last updated on 2022-09-25 15:56:53 CEST.

Flavor Version Tinstall Tcheck Ttotal Status Flags
r-devel-linux-x86_64-debian-clang 1.1 4.02 49.55 53.57 NOTE
r-devel-linux-x86_64-debian-gcc 1.1 3.07 35.45 38.52 NOTE
r-devel-linux-x86_64-fedora-clang 1.1 73.65 NOTE
r-devel-linux-x86_64-fedora-gcc 1.1 72.34 NOTE
r-devel-windows-x86_64 1.1 8.00 69.00 77.00 NOTE
r-patched-linux-x86_64 1.1 3.32 46.27 49.59 NOTE
r-release-linux-x86_64 1.1 3.91 46.00 49.91 NOTE
r-release-macos-arm64 1.1 22.00 NOTE
r-release-macos-x86_64 1.1 29.00 NOTE
r-release-windows-x86_64 1.1 9.00 69.00 78.00 NOTE
r-oldrel-macos-arm64 1.1 24.00 NOTE
r-oldrel-macos-x86_64 1.1 41.00 NOTE
r-oldrel-windows-ix86+x86_64 1.1 8.00 69.00 77.00 NOTE

Check Details

Version: 1.1
Check: LazyData
Result: NOTE
     'LazyData' is specified without a 'data' directory
Flavors: r-devel-linux-x86_64-debian-clang, r-devel-linux-x86_64-debian-gcc, r-devel-linux-x86_64-fedora-clang, r-devel-linux-x86_64-fedora-gcc, r-devel-windows-x86_64, r-patched-linux-x86_64, r-release-linux-x86_64, r-release-macos-arm64, r-release-macos-x86_64, r-release-windows-x86_64, r-oldrel-macos-arm64, r-oldrel-macos-x86_64, r-oldrel-windows-ix86+x86_64