Last updated on 2023-02-08 04:07:16 CET.
Flavor | Version | Tinstall | Tcheck | Ttotal | Status | Flags |
---|---|---|---|---|---|---|
r-devel-linux-x86_64-debian-clang | 1.1.0 | 2.49 | 27.46 | 29.95 | NOTE | |
r-devel-linux-x86_64-debian-gcc | 1.1.0 | 1.63 | 21.65 | 23.28 | NOTE | |
r-devel-linux-x86_64-fedora-clang | 1.1.0 | 38.72 | NOTE | |||
r-devel-linux-x86_64-fedora-gcc | 1.1.0 | 36.92 | NOTE | |||
r-devel-windows-x86_64 | 1.1.0 | 15.00 | 62.00 | 77.00 | NOTE | |
r-patched-linux-x86_64 | 1.1.0 | 2.68 | 28.07 | 30.75 | NOTE | |
r-release-linux-x86_64 | 1.1.0 | 2.60 | 28.51 | 31.11 | NOTE | |
r-release-macos-arm64 | 1.1.0 | 17.00 | NOTE | |||
r-release-macos-x86_64 | 1.1.0 | 22.00 | NOTE | |||
r-release-windows-x86_64 | 1.1.0 | 14.00 | 64.00 | 78.00 | NOTE | |
r-oldrel-macos-arm64 | 1.1.0 | 21.00 | NOTE | |||
r-oldrel-macos-x86_64 | 1.1.0 | 28.00 | NOTE | |||
r-oldrel-windows-ix86+x86_64 | 1.1.0 | 6.00 | 51.00 | 57.00 | NOTE |
Version: 1.1.0
Check: LazyData
Result: NOTE
'LazyData' is specified without a 'data' directory
Flavors: r-devel-linux-x86_64-debian-clang, r-devel-linux-x86_64-debian-gcc, r-devel-linux-x86_64-fedora-clang, r-devel-linux-x86_64-fedora-gcc, r-devel-windows-x86_64, r-patched-linux-x86_64, r-release-linux-x86_64, r-release-macos-arm64, r-release-macos-x86_64, r-release-windows-x86_64, r-oldrel-macos-arm64, r-oldrel-macos-x86_64, r-oldrel-windows-ix86+x86_64