CRAN Package Check Results for Package sentryR

Last updated on 2022-08-09 15:56:26 CEST.

Flavor Version Tinstall Tcheck Ttotal Status Flags
r-devel-linux-x86_64-debian-clang 1.1.0 1.60 26.59 28.19 NOTE
r-devel-linux-x86_64-debian-gcc 1.1.0 2.04 21.25 23.29 NOTE
r-devel-linux-x86_64-fedora-clang 1.1.0 46.72 NOTE
r-devel-linux-x86_64-fedora-gcc 1.1.0 47.66 NOTE
r-devel-windows-x86_64 1.1.0 12.00 57.00 69.00 NOTE
r-patched-linux-x86_64 1.1.0 2.72 25.67 28.39 NOTE
r-release-linux-x86_64 1.1.0 NOTE
r-release-macos-arm64 1.1.0 17.00 NOTE
r-release-macos-x86_64 1.1.0 22.00 NOTE
r-release-windows-x86_64 1.1.0 13.00 57.00 70.00 NOTE
r-oldrel-macos-arm64 1.1.0 21.00 NOTE
r-oldrel-macos-x86_64 1.1.0 28.00 NOTE
r-oldrel-windows-ix86+x86_64 1.1.0 6.00 46.00 52.00 NOTE

Check Details

Version: 1.1.0
Check: LazyData
Result: NOTE
     'LazyData' is specified without a 'data' directory
Flavors: r-devel-linux-x86_64-debian-clang, r-devel-linux-x86_64-debian-gcc, r-devel-linux-x86_64-fedora-clang, r-devel-linux-x86_64-fedora-gcc, r-devel-windows-x86_64, r-patched-linux-x86_64, r-release-linux-x86_64, r-release-macos-arm64, r-release-macos-x86_64, r-release-windows-x86_64, r-oldrel-macos-arm64, r-oldrel-macos-x86_64, r-oldrel-windows-ix86+x86_64