CRAN Package Check Results for Package sentometrics

Last updated on 2020-09-28 15:47:53 CEST.

Flavor Version Tinstall Tcheck Ttotal Status Flags
r-devel-linux-x86_64-debian-clang 0.8.2 99.64 255.50 355.14 NOTE
r-devel-linux-x86_64-debian-gcc 0.8.2 74.47 181.91 256.38 NOTE
r-devel-linux-x86_64-fedora-clang 0.8.2 443.53 NOTE
r-devel-linux-x86_64-fedora-gcc 0.8.2 409.71 NOTE
r-devel-windows-ix86+x86_64 0.8.2 207.00 459.00 666.00 NOTE
r-patched-linux-x86_64 0.8.2 80.77 223.96 304.73 NOTE
r-patched-solaris-x86 0.8.2 512.60 NOTE
r-release-linux-x86_64 0.8.2 78.24 223.92 302.16 NOTE
r-release-macos-x86_64 0.8.2 NOTE
r-release-windows-ix86+x86_64 0.8.2 230.00 471.00 701.00 NOTE
r-oldrel-macos-x86_64 0.8.2 NOTE
r-oldrel-windows-ix86+x86_64 0.8.2 209.00 441.00 650.00 NOTE

Check Details

Version: 0.8.2
Check: for GNU extensions in Makefiles
Result: NOTE
    GNU make is a SystemRequirements.
Flavors: r-devel-linux-x86_64-debian-clang, r-devel-linux-x86_64-debian-gcc, r-devel-linux-x86_64-fedora-clang, r-devel-linux-x86_64-fedora-gcc, r-devel-windows-ix86+x86_64, r-patched-linux-x86_64, r-patched-solaris-x86, r-release-linux-x86_64, r-release-macos-x86_64, r-release-windows-ix86+x86_64, r-oldrel-macos-x86_64, r-oldrel-windows-ix86+x86_64

Version: 0.8.2
Check: installed package size
Result: NOTE
     installed size is 8.8Mb
     sub-directories of 1Mb or more:
     data 2.3Mb
     libs 5.3Mb
Flavors: r-devel-linux-x86_64-fedora-clang, r-devel-windows-ix86+x86_64, r-release-macos-x86_64, r-release-windows-ix86+x86_64, r-oldrel-macos-x86_64, r-oldrel-windows-ix86+x86_64

Version: 0.8.2
Check: Rd cross-references
Result: NOTE
    Undeclared packages ‘MCS’, ‘stopwords’, ‘lexicon’ in Rd xrefs
Flavor: r-devel-linux-x86_64-fedora-clang

Version: 0.8.2
Check: data for non-ASCII characters
Result: NOTE
     Note: found 4436 marked UTF-8 strings
Flavors: r-devel-linux-x86_64-fedora-clang, r-devel-linux-x86_64-fedora-gcc, r-patched-solaris-x86, r-release-macos-x86_64, r-oldrel-macos-x86_64