CRAN Package Check Results for Package sentencepiece

Last updated on 2021-09-23 03:51:15 CEST.

Flavor Version Tinstall Tcheck Ttotal Status Flags
r-devel-linux-x86_64-debian-clang 0.1.2 1252.45 30.33 1282.78 NOTE
r-devel-linux-x86_64-debian-gcc 0.1.2 488.41 24.08 512.49 NOTE
r-devel-linux-x86_64-fedora-clang 0.1.2 1006.51 NOTE
r-devel-linux-x86_64-fedora-gcc 0.1.2 967.83 NOTE
r-devel-windows-x86_64 0.1.2 699.00 53.00 752.00 NOTE
r-devel-windows-x86_64-gcc10-UCRT 0.1.2 ERROR
r-patched-linux-x86_64 0.1.2 593.65 29.56 623.21 NOTE
r-patched-solaris-x86 0.1.2 621.20 NOTE
r-release-linux-x86_64 0.1.2 573.72 29.95 603.67 NOTE
r-release-macos-arm64 0.1.2 NOTE
r-release-macos-x86_64 0.1.2 NOTE
r-release-windows-ix86+x86_64 0.1.2 1639.00 69.00 1708.00 NOTE
r-oldrel-macos-x86_64 0.1.2 NOTE
r-oldrel-windows-ix86+x86_64 0.1.2 1246.00 69.00 1315.00 NOTE

Additional issues

gcc-UBSAN

Check Details

Version: 0.1.2
Check: LazyData
Result: NOTE
     'LazyData' is specified without a 'data' directory
Flavors: r-devel-linux-x86_64-debian-clang, r-devel-linux-x86_64-debian-gcc, r-devel-linux-x86_64-fedora-clang, r-devel-linux-x86_64-fedora-gcc, r-devel-windows-x86_64, r-patched-linux-x86_64, r-patched-solaris-x86, r-release-linux-x86_64, r-release-macos-arm64, r-release-macos-x86_64, r-release-windows-ix86+x86_64

Version: 0.1.2
Check: installed package size
Result: NOTE
     installed size is 16.5Mb
     sub-directories of 1Mb or more:
     libs 15.0Mb
     models 1.3Mb
Flavors: r-devel-linux-x86_64-fedora-clang, r-release-macos-arm64, r-release-macos-x86_64, r-release-windows-ix86+x86_64, r-oldrel-macos-x86_64, r-oldrel-windows-ix86+x86_64

Version: 0.1.2
Check: whether package can be installed
Result: ERROR
    Installation failed.
Flavor: r-devel-windows-x86_64-gcc10-UCRT