CRAN Package Check Results for Package sensitivity

Last updated on 2020-11-30 03:47:53 CET.

Flavor Version Tinstall Tcheck Ttotal Status Flags
r-devel-linux-x86_64-debian-clang 1.22.2 163.71 140.83 304.54 OK
r-devel-linux-x86_64-debian-gcc 1.23.0 131.95 105.62 237.57 OK
r-devel-linux-x86_64-fedora-clang 1.23.0 359.89 NOTE
r-devel-linux-x86_64-fedora-gcc 1.23.0 333.23 OK
r-devel-windows-ix86+x86_64 1.23.0 260.00 216.00 476.00 OK
r-patched-linux-x86_64 1.22.2 159.50 140.50 300.00 OK
r-patched-solaris-x86 1.23.0 348.00 OK
r-release-linux-x86_64 1.22.2 156.04 136.90 292.94 OK
r-release-macos-x86_64 1.23.0 OK
r-release-windows-ix86+x86_64 1.22.2 189.00 156.00 345.00 OK
r-oldrel-macos-x86_64 1.23.0 OK
r-oldrel-windows-ix86+x86_64 1.22.2 155.00 161.00 316.00 OK

Additional issues

donttest

Check Details

Version: 1.23.0
Check: installed package size
Result: NOTE
     installed size is 5.7Mb
     sub-directories of 1Mb or more:
     R 2.1Mb
     libs 3.2Mb
Flavor: r-devel-linux-x86_64-fedora-clang