CRAN Package Check Results for Package semver

Last updated on 2022-09-30 04:59:21 CEST.

Flavor Version Tinstall Tcheck Ttotal Status Flags
r-devel-linux-x86_64-debian-clang 0.2.0 25.80 35.99 61.79 NOTE
r-devel-linux-x86_64-debian-gcc 0.2.0 18.17 27.84 46.01 NOTE
r-devel-linux-x86_64-fedora-clang 0.2.0 102.80 NOTE
r-devel-linux-x86_64-fedora-gcc 0.2.0 85.83 NOTE
r-devel-windows-x86_64 0.2.0 35.00 84.00 119.00 NOTE
r-patched-linux-x86_64 0.2.0 21.65 34.61 56.26 NOTE
r-release-linux-x86_64 0.2.0 19.67 34.48 54.15 NOTE
r-release-macos-arm64 0.2.0 28.00 NOTE
r-release-macos-x86_64 0.2.0 41.00 NOTE
r-release-windows-x86_64 0.2.0 33.00 87.00 120.00 NOTE
r-oldrel-macos-arm64 0.2.0 32.00 NOTE
r-oldrel-macos-x86_64 0.2.0 52.00 NOTE
r-oldrel-windows-ix86+x86_64 0.2.0 65.00 90.00 155.00 NOTE

Check Details

Version: 0.2.0
Check: LazyData
Result: NOTE
     'LazyData' is specified without a 'data' directory
Flavors: r-devel-linux-x86_64-debian-clang, r-devel-linux-x86_64-debian-gcc, r-devel-linux-x86_64-fedora-clang, r-devel-linux-x86_64-fedora-gcc, r-devel-windows-x86_64, r-patched-linux-x86_64, r-release-linux-x86_64, r-release-macos-arm64, r-release-macos-x86_64, r-release-windows-x86_64, r-oldrel-macos-arm64, r-oldrel-macos-x86_64, r-oldrel-windows-ix86+x86_64

Version: 0.2.0
Check: compiled code
Result: NOTE
    File ‘semver/libs/semver.so’:
     Found no calls to: ‘R_registerRoutines’, ‘R_useDynamicSymbols’
    
    It is good practice to register native routines and to disable symbol
    search.
    
    See ‘Writing portable packages’ in the ‘Writing R Extensions’ manual.
Flavors: r-devel-linux-x86_64-fedora-clang, r-devel-linux-x86_64-fedora-gcc