CRAN Package Check Results for Package seminr

Last updated on 2022-06-24 15:52:47 CEST.

Flavor Version Tinstall Tcheck Ttotal Status Flags
r-devel-linux-x86_64-debian-clang 2.3.0 7.16 147.18 154.34 OK
r-devel-linux-x86_64-debian-gcc 2.3.0 5.86 108.32 114.18 OK
r-devel-linux-x86_64-fedora-clang 2.3.0 192.94 NOTE
r-devel-linux-x86_64-fedora-gcc 2.3.0 217.95 NOTE
r-devel-windows-x86_64 2.3.0 110.00 393.00 503.00 OK
r-patched-linux-x86_64 2.3.0 9.82 139.64 149.46 OK
r-release-linux-x86_64 2.3.0 5.64 140.43 146.07 OK
r-release-macos-arm64 2.3.0 122.00 NOTE
r-release-macos-x86_64 2.3.0 214.00 NOTE
r-release-windows-x86_64 2.3.0 100.00 390.00 490.00 OK
r-oldrel-macos-arm64 2.3.0 127.00 NOTE
r-oldrel-macos-x86_64 2.3.0 176.00 NOTE
r-oldrel-windows-ix86+x86_64 2.3.0 17.00 429.00 446.00 OK

Check Details

Version: 2.3.0
Check: dependencies in R code
Result: NOTE
    Namespaces in Imports field not imported from:
     ‘knitr’ ‘rmarkdown’ ‘webp’
     All declared Imports should be used.
Flavors: r-devel-linux-x86_64-fedora-clang, r-devel-linux-x86_64-fedora-gcc, r-release-macos-arm64, r-release-macos-x86_64, r-oldrel-macos-arm64, r-oldrel-macos-x86_64