Last updated on 2022-07-05 15:52:56 CEST.
Flavor | Version | Tinstall | Tcheck | Ttotal | Status | Flags |
---|---|---|---|---|---|---|
r-devel-linux-x86_64-debian-clang | 0.1.0 | 1.77 | 21.33 | 23.10 | NOTE | |
r-devel-linux-x86_64-debian-gcc | 0.1.0 | 1.90 | 16.21 | 18.11 | NOTE | |
r-devel-linux-x86_64-fedora-clang | 0.1.0 | 40.66 | WARN | |||
r-devel-linux-x86_64-fedora-gcc | 0.1.0 | 41.16 | WARN | |||
r-devel-windows-x86_64 | 0.1.0 | 6.00 | 46.00 | 52.00 | NOTE | |
r-patched-linux-x86_64 | 0.1.0 | 2.10 | 20.41 | 22.51 | NOTE | |
r-release-linux-x86_64 | 0.1.0 | 2.13 | 20.41 | 22.54 | NOTE | |
r-release-macos-arm64 | 0.1.0 | 16.00 | NOTE | |||
r-release-macos-x86_64 | 0.1.0 | 25.00 | NOTE | |||
r-release-windows-x86_64 | 0.1.0 | 14.00 | 46.00 | 60.00 | NOTE | |
r-oldrel-macos-arm64 | 0.1.0 | 19.00 | NOTE | |||
r-oldrel-macos-x86_64 | 0.1.0 | 23.00 | NOTE | |||
r-oldrel-windows-ix86+x86_64 | 0.1.0 | 9.00 | 42.00 | 51.00 | NOTE |
Version: 0.1.0
Check: LazyData
Result: NOTE
'LazyData' is specified without a 'data' directory
Flavors: r-devel-linux-x86_64-debian-clang, r-devel-linux-x86_64-debian-gcc, r-devel-linux-x86_64-fedora-clang, r-devel-linux-x86_64-fedora-gcc, r-devel-windows-x86_64, r-patched-linux-x86_64, r-release-linux-x86_64, r-release-macos-arm64, r-release-macos-x86_64, r-release-windows-x86_64, r-oldrel-macos-arm64, r-oldrel-macos-x86_64, r-oldrel-windows-ix86+x86_64
Version: 0.1.0
Check: package dependencies
Result: WARN
Requires (indirectly) orphaned package: ‘gtools’
Flavors: r-devel-linux-x86_64-fedora-clang, r-devel-linux-x86_64-fedora-gcc
Version: 0.1.0
Check: dependencies in R code
Result: NOTE
Namespaces in Imports field not imported from:
‘dplyr’ ‘lavaan’ ‘psych’ ‘semPlot’ ‘semTools’ ‘shinyAce’
All declared Imports should be used.
Flavors: r-devel-linux-x86_64-fedora-clang, r-devel-linux-x86_64-fedora-gcc, r-release-macos-arm64, r-release-macos-x86_64, r-oldrel-macos-arm64, r-oldrel-macos-x86_64