CRAN Package Check Results for Package semTools

Last updated on 2024-07-25 04:50:04 CEST.

Flavor Version Tinstall Tcheck Ttotal Status Flags
r-devel-linux-x86_64-debian-clang 0.5-6 30.55 363.68 394.23 NOTE
r-devel-linux-x86_64-debian-gcc 0.5-6 29.74 251.07 280.81 NOTE
r-devel-linux-x86_64-fedora-clang 0.5-6 487.07 NOTE
r-devel-linux-x86_64-fedora-gcc 0.5-6 452.25 NOTE
r-devel-windows-x86_64 0.5-6 33.00 275.00 308.00 NOTE
r-patched-linux-x86_64 0.5-6 41.59 333.33 374.92 NOTE
r-release-linux-x86_64 0.5-6 29.03 349.79 378.82 NOTE
r-release-macos-arm64 0.5-6 113.00 NOTE
r-release-macos-x86_64 0.5-6 204.00 NOTE
r-release-windows-x86_64 0.5-6 30.00 270.00 300.00 NOTE
r-oldrel-macos-arm64 0.5-6 122.00 OK
r-oldrel-macos-x86_64 0.5-6 188.00 NOTE
r-oldrel-windows-x86_64 0.5-6 39.00 344.00 383.00 OK

Check Details

Version: 0.5-6
Check: Rd files
Result: NOTE checkRd: (-1) PAVranking.Rd:77-79: Lost braces in \itemize; \value handles \item{}{} directly checkRd: (-1) PAVranking.Rd:80-82: Lost braces in \itemize; \value handles \item{}{} directly checkRd: (-1) PAVranking.Rd:83-85: Lost braces in \itemize; \value handles \item{}{} directly checkRd: (-1) PAVranking.Rd:86-87: Lost braces in \itemize; \value handles \item{}{} directly Flavors: r-devel-linux-x86_64-debian-clang, r-devel-linux-x86_64-debian-gcc, r-devel-linux-x86_64-fedora-clang, r-devel-linux-x86_64-fedora-gcc, r-devel-windows-x86_64, r-patched-linux-x86_64, r-release-linux-x86_64, r-release-macos-arm64, r-release-macos-x86_64, r-release-windows-x86_64

Version: 0.5-6
Check: Rd cross-references
Result: NOTE Found the following Rd file(s) with Rd \link{} targets missing package anchors: AVE.Rd: lavaan-class auxiliary.Rd: lavaan-class chisqSmallN.Rd: lavaan-class compRelSEM.Rd: lavaan-class compareFit.Rd: fitMeasures, lavaan-class discriminantValidity.Rd: lavaan-class lavTestScore.mi.Rd: lavTestScore, standardizedSolution, lavInspect lavaan.mi-class.Rd: lavaanList-class, lavaan-class maximalRelia.Rd: lavaan-class measEq.syntax.Rd: lavaan-class measurementInvariance-deprecated.Rd: cfa measurementInvarianceCat-deprecated.Rd: cfa modindices.mi.Rd: lavInspect monteCarloCI.Rd: lavaan-class plausibleValues.Rd: lavaan-class probe2WayMC.Rd: lavaan-class probe2WayRC.Rd: lavaan-class probe3WayMC.Rd: lavaan-class probe3WayRC.Rd: lavaan-class reliability-deprecated.Rd: lavaan-class reliabilityL2-deprecated.Rd: lavaan-class twostage-class.Rd: lavaan-class Please provide package anchors for all Rd \link{} targets not in the package itself and the base packages. Flavors: r-devel-linux-x86_64-debian-gcc, r-devel-windows-x86_64

Version: 0.5-6
Check: package dependencies
Result: NOTE Package suggested but not available for checking: ‘blavaan’ Flavor: r-release-linux-x86_64

Version: 0.5-6
Check: package dependencies
Result: NOTE Packages suggested but not available for checking: 'blavaan', 'emmeans' Flavor: r-oldrel-macos-x86_64

Version: 0.5-6
Check: Rd cross-references
Result: NOTE Package unavailable to check Rd xrefs: ‘blavaan’ Flavor: r-oldrel-macos-x86_64