CRAN Package Check Results for Package semTable

Last updated on 2022-07-06 15:49:09 CEST.

Flavor Version Tinstall Tcheck Ttotal Status Flags
r-devel-linux-x86_64-debian-clang 1.8 5.45 108.11 113.56 NOTE
r-devel-linux-x86_64-debian-gcc 1.8 5.11 83.47 88.58 NOTE
r-devel-linux-x86_64-fedora-clang 1.8 332.40 NOTE
r-devel-linux-x86_64-fedora-gcc 1.8 366.52 NOTE
r-devel-windows-x86_64 1.8 17.00 159.00 176.00 NOTE
r-patched-linux-x86_64 1.8 5.59 104.91 110.50 NOTE
r-release-linux-x86_64 1.8 4.43 104.86 109.29 NOTE
r-release-macos-arm64 1.8 51.00 NOTE
r-release-macos-x86_64 1.8 81.00 NOTE
r-release-windows-x86_64 1.8 13.00 169.00 182.00 NOTE
r-oldrel-macos-arm64 1.8 73.00 NOTE
r-oldrel-macos-x86_64 1.8 93.00 NOTE
r-oldrel-windows-ix86+x86_64 1.8 15.00 147.00 162.00 NOTE

Check Details

Version: 1.8
Check: Rd files
Result: NOTE
    checkRd: (-1) escape.Rd:28: Escaped LaTeX specials: \$
Flavors: r-devel-linux-x86_64-debian-clang, r-devel-linux-x86_64-debian-gcc, r-devel-linux-x86_64-fedora-clang, r-devel-linux-x86_64-fedora-gcc, r-devel-windows-x86_64

Version: 1.8
Check: LazyData
Result: NOTE
     'LazyData' is specified without a 'data' directory
Flavors: r-devel-linux-x86_64-debian-clang, r-devel-linux-x86_64-debian-gcc, r-devel-linux-x86_64-fedora-clang, r-devel-linux-x86_64-fedora-gcc, r-devel-windows-x86_64, r-patched-linux-x86_64, r-release-linux-x86_64, r-release-macos-arm64, r-release-macos-x86_64, r-release-windows-x86_64, r-oldrel-macos-arm64, r-oldrel-macos-x86_64, r-oldrel-windows-ix86+x86_64