CRAN Package Check Results for Package sejmRP

Last updated on 2024-07-17 04:50:07 CEST.

Flavor Version Tinstall Tcheck Ttotal Status Flags
r-devel-linux-x86_64-debian-clang 1.3.4 10.05 72.32 82.37 NOTE
r-devel-linux-x86_64-debian-gcc 1.3.4 7.10 52.23 59.33 NOTE
r-devel-linux-x86_64-fedora-clang 1.3.4 104.95 NOTE
r-devel-linux-x86_64-fedora-gcc 1.3.4 93.40 NOTE
r-devel-windows-x86_64 1.3.4 9.00 75.00 84.00 NOTE
r-patched-linux-x86_64 1.3.4 9.56 68.25 77.81 NOTE
r-release-linux-x86_64 1.3.4 7.87 68.84 76.71 NOTE
r-release-macos-arm64 1.3.4 29.00 NOTE
r-release-macos-x86_64 1.3.4 43.00 NOTE
r-release-windows-x86_64 1.3.4 9.00 77.00 86.00 NOTE
r-oldrel-macos-arm64 1.3.4 29.00 NOTE
r-oldrel-macos-x86_64 1.3.4 44.00 NOTE
r-oldrel-windows-x86_64 1.3.4 11.00 87.00 98.00 NOTE

Check Details

Version: 1.3.4
Check: LazyData
Result: NOTE 'LazyData' is specified without a 'data' directory Flavors: r-devel-linux-x86_64-debian-clang, r-devel-linux-x86_64-debian-gcc, r-devel-linux-x86_64-fedora-clang, r-devel-linux-x86_64-fedora-gcc, r-devel-windows-x86_64, r-patched-linux-x86_64, r-release-linux-x86_64, r-release-macos-arm64, r-release-macos-x86_64, r-release-windows-x86_64, r-oldrel-macos-arm64, r-oldrel-macos-x86_64, r-oldrel-windows-x86_64

Version: 1.3.4
Check: dependencies in R code
Result: NOTE Namespaces in Imports field not imported from: ‘cluster’ ‘factoextra’ ‘tidyr’ All declared Imports should be used. Flavors: r-devel-linux-x86_64-fedora-clang, r-devel-linux-x86_64-fedora-gcc