CRAN Package Check Results for Package seewave

Last updated on 2020-09-28 03:47:53 CEST.

Flavor Version Tinstall Tcheck Ttotal Status Flags
r-devel-linux-x86_64-debian-clang 2.1.6 15.74 141.90 157.64 OK
r-devel-linux-x86_64-debian-gcc 2.1.6 10.83 108.32 119.15 OK
r-devel-linux-x86_64-fedora-clang 2.1.6 196.34 OK
r-devel-linux-x86_64-fedora-gcc 2.1.6 187.84 OK
r-devel-windows-ix86+x86_64 2.1.6 24.00 194.00 218.00 OK
r-patched-linux-x86_64 2.1.6 13.43 133.81 147.24 OK
r-patched-solaris-x86 2.1.6 226.00 OK
r-release-linux-x86_64 2.1.6 14.98 136.48 151.46 OK
r-release-macos-x86_64 2.1.6 NOTE
r-release-windows-ix86+x86_64 2.1.6 20.00 182.00 202.00 OK
r-oldrel-macos-x86_64 2.1.6 NOTE
r-oldrel-windows-ix86+x86_64 2.1.6 29.00 182.00 211.00 OK

Check Details

Version: 2.1.6
Check: package dependencies
Result: NOTE
    Package suggested but not available for checking: ‘rpanel’
Flavors: r-release-macos-x86_64, r-oldrel-macos-x86_64