CRAN Package Check Results for Package seeker

Last updated on 2023-01-29 03:55:26 CET.

Flavor Version Tinstall Tcheck Ttotal Status Flags
r-devel-linux-x86_64-debian-clang 1.0.13 8.56 90.10 98.66 OK
r-devel-linux-x86_64-debian-gcc 1.0.13 6.73 66.33 73.06 OK
r-devel-linux-x86_64-fedora-clang 1.0.13 123.51 OK
r-devel-linux-x86_64-fedora-gcc 1.0.13 133.72 OK
r-patched-linux-x86_64 1.0.13 7.41 84.62 92.03 OK
r-release-linux-x86_64 1.0.13 5.61 83.67 89.28 OK
r-release-macos-arm64 1.0.13 6.00 ERROR
r-release-macos-x86_64 1.0.13 7.00 ERROR
r-release-windows-x86_64 1.0.13 64.00 116.00 180.00 OK
r-oldrel-macos-arm64 1.0.13 10.00 ERROR
r-oldrel-macos-x86_64 1.0.13 11.00 ERROR
r-oldrel-windows-ix86+x86_64 1.0.13 17.00 103.00 120.00 OK

Check Details

Version: 1.0.13
Check: package dependencies
Result: ERROR
    Package required but not available: ‘ArrayExpress’
    
    See section ‘The DESCRIPTION file’ in the ‘Writing R Extensions’
    manual.
Flavors: r-release-macos-arm64, r-release-macos-x86_64, r-oldrel-macos-x86_64

Version: 1.0.13
Check: package dependencies
Result: ERROR
    Packages required but not available: 'ArrayExpress', 'tximport'
    
    See section ‘The DESCRIPTION file’ in the ‘Writing R Extensions’
    manual.
Flavor: r-oldrel-macos-arm64